{"id":15409,"date":"2020-01-23T09:20:13","date_gmt":"2020-01-23T09:20:13","guid":{"rendered":"http:\/\/slo.best4home.eu\/?post_type=product&#038;p=15409"},"modified":"2020-06-09T10:20:10","modified_gmt":"2020-06-09T10:20:10","slug":"brezzicni-polnilec-za-mobilni-telefon-b4h","status":"publish","type":"product","link":"https:\/\/netclickshop.eu\/slo\/izdelek\/brezzicni-polnilec-za-mobilni-telefon-b4h\/","title":{"rendered":"Brez\u017ei\u010dni polnilec za mobilni telefon B4H"},"content":{"rendered":"<h4 style=\"text-align: center;\">BREZ\u017dI\u010cNI POLNILEC ZA MOBILNI TELEFON S HITRIM POLNJENJEM<\/h4>\n<p style=\"text-align: center;\">Brez\u017ei\u010dni polnilec je primeren za telefone, ki podpirajo brez\u017ei\u010dno polnjenje, tako da vam bo olaj\u0161al polnjenje va\u0161ega mobilnega telefona. Postavite telefon na polnilec brez kabla in hitro napolnite baterijo.<\/p>\n<p><img class=\"aligncenter wp-image-15413 size-medium\" src=\"https:\/\/slo.netclickshop.eu\/wp-content\/uploads\/2020\/01\/brez\u017ei\u010dni_polnilec_2-500x500.jpg\" alt=\"\" width=\"500\" height=\"500\" srcset=\"https:\/\/netclickshop.eu\/slo\/wp-content\/uploads\/2020\/01\/brez\u017ei\u010dni_polnilec_2-500x500.jpg 500w, https:\/\/netclickshop.eu\/slo\/wp-content\/uploads\/2020\/01\/brez\u017ei\u010dni_polnilec_2-300x300.jpg 300w, https:\/\/netclickshop.eu\/slo\/wp-content\/uploads\/2020\/01\/brez\u017ei\u010dni_polnilec_2-100x100.jpg 100w, https:\/\/netclickshop.eu\/slo\/wp-content\/uploads\/2020\/01\/brez\u017ei\u010dni_polnilec_2-150x150.jpg 150w, https:\/\/netclickshop.eu\/slo\/wp-content\/uploads\/2020\/01\/brez\u017ei\u010dni_polnilec_2-416x417.jpg 416w, https:\/\/netclickshop.eu\/slo\/wp-content\/uploads\/2020\/01\/brez\u017ei\u010dni_polnilec_2.jpg 540w\" sizes=\"(max-width: 500px) 100vw, 500px\" \/><\/p>\n<h4 style=\"text-align: center;\">ENOSTAVNA UPORABA<\/h4>\n<p style=\"text-align: center;\">Telefon enostavno postavite na polnilec, brez priklapljanja kabla in polnjenje se bo avtomatsko pri\u010delo. Na va\u0161em telefonu se bo pri\u017egal indikator, tako da boste videli na koliko procentov % je va\u0161 telefon \u017ee napolnjen.<\/p>\n<p><img class=\"size-medium wp-image-15415 aligncenter\" src=\"https:\/\/slo.netclickshop.eu\/wp-content\/uploads\/2020\/01\/brez\u017ei\u010dni_polnilec_9a-slo-500x500.jpg\" alt=\"\" width=\"500\" height=\"500\" \/><\/p>\n<h4 style=\"text-align: center;\">MODEREN DIZAJN<\/h4>\n<p style=\"text-align: center;\">Polnilec B4H je modernega dizajna, tako da se bo popolnoma prilegel na va\u0161o pisalno mizo ali na va\u0161o no\u010dno omarico.<\/p>\n<p><img class=\"size-medium wp-image-15418 aligncenter\" src=\"https:\/\/slo.netclickshop.eu\/wp-content\/uploads\/2020\/01\/brez\u017ei\u010dni_polnilec_5-500x348.jpg\" alt=\"\" width=\"500\" height=\"348\" srcset=\"https:\/\/netclickshop.eu\/slo\/wp-content\/uploads\/2020\/01\/brez\u017ei\u010dni_polnilec_5-500x348.jpg 500w, https:\/\/netclickshop.eu\/slo\/wp-content\/uploads\/2020\/01\/brez\u017ei\u010dni_polnilec_5-416x289.jpg 416w, https:\/\/netclickshop.eu\/slo\/wp-content\/uploads\/2020\/01\/brez\u017ei\u010dni_polnilec_5.jpg 600w\" sizes=\"(max-width: 500px) 100vw, 500px\" \/><\/p>\n<h4 style=\"text-align: center;\">IZJEMNA KOMPATIBILNOST<\/h4>\n<p style=\"text-align: center;\">Brez\u017ei\u010dni polnilec je kompatibilen z vsemi novej\u0161imi mobilnimi telefoni, ki podpirajo brez\u017ei\u010dno polnjenje, ne glede na znamko mobilnega telefona. Primeren je za telefone blagovne znamke iPhone (iOS), Samsung, Huawei in druge (Android).<\/p>\n<p><img class=\"size-medium wp-image-15419 aligncenter\" src=\"https:\/\/slo.netclickshop.eu\/wp-content\/uploads\/2020\/01\/brez\u017ei\u010dni_polnilec_7-500x500.jpg\" alt=\"\" width=\"500\" height=\"500\" srcset=\"https:\/\/netclickshop.eu\/slo\/wp-content\/uploads\/2020\/01\/brez\u017ei\u010dni_polnilec_7-500x500.jpg 500w, https:\/\/netclickshop.eu\/slo\/wp-content\/uploads\/2020\/01\/brez\u017ei\u010dni_polnilec_7-300x300.jpg 300w, https:\/\/netclickshop.eu\/slo\/wp-content\/uploads\/2020\/01\/brez\u017ei\u010dni_polnilec_7-100x100.jpg 100w, https:\/\/netclickshop.eu\/slo\/wp-content\/uploads\/2020\/01\/brez\u017ei\u010dni_polnilec_7-600x600.jpg 600w, https:\/\/netclickshop.eu\/slo\/wp-content\/uploads\/2020\/01\/brez\u017ei\u010dni_polnilec_7-150x150.jpg 150w, https:\/\/netclickshop.eu\/slo\/wp-content\/uploads\/2020\/01\/brez\u017ei\u010dni_polnilec_7-768x768.jpg 768w, https:\/\/netclickshop.eu\/slo\/wp-content\/uploads\/2020\/01\/brez\u017ei\u010dni_polnilec_7.jpg 1001w\" sizes=\"(max-width: 500px) 100vw, 500px\" \/><\/p>\n<h4 style=\"text-align: center;\">VARNA UPORABA<\/h4>\n<p style=\"text-align: center;\">Zaradi brez\u017ei\u010dne uporabe bo bli\u017eina va\u0161ega telefona in polnilca tudi manj izpostavljena raznim sevanjem, tako da je uporaba popolnoma varna.<\/p>\n<p><img class=\"alignnone size-medium wp-image-15420 aligncenter\" src=\"https:\/\/slo.netclickshop.eu\/wp-content\/uploads\/2020\/01\/brez\u017ei\u010dni_polnilec_8-slo-500x500.jpg\" alt=\"\" width=\"500\" height=\"500\" \/><\/p>\n","protected":false},"excerpt":{"rendered":"<p>BREZ\u017dI\u010cNI POLNILEC ZA MOBILNI TELEFON S HITRIM POLNJENJEM Brez\u017ei\u010dni polnilec je primeren za telefone, ki podpirajo brez\u017ei\u010dno polnjenje, tako da vam bo olaj\u0161al polnjenje va\u0161ega mobilnega telefona. Postavite telefon na polnilec brez kabla in hitro napolnite baterijo. ENOSTAVNA UPORABA Telefon enostavno postavite na polnilec, brez priklapljanja kabla in polnjenje se bo avtomatsko pri\u010delo. Na va\u0161em &hellip;<\/p>\n<p class=\"read-more\"> <a class=\"\" href=\"https:\/\/netclickshop.eu\/slo\/izdelek\/brezzicni-polnilec-za-mobilni-telefon-b4h\/\"> <span class=\"screen-reader-text\">Brez\u017ei\u010dni polnilec za mobilni telefon B4H<\/span> Read More &raquo;<\/a><\/p>\n","protected":false},"featured_media":15421,"template":"","meta":[],"_links":{"self":[{"href":"https:\/\/netclickshop.eu\/slo\/wp-json\/wp\/v2\/product\/15409"}],"collection":[{"href":"https:\/\/netclickshop.eu\/slo\/wp-json\/wp\/v2\/product"}],"about":[{"href":"https:\/\/netclickshop.eu\/slo\/wp-json\/wp\/v2\/types\/product"}],"version-history":[{"count":0,"href":"https:\/\/netclickshop.eu\/slo\/wp-json\/wp\/v2\/product\/15409\/revisions"}],"wp:featuredmedia":[{"embeddable":true,"href":"https:\/\/netclickshop.eu\/slo\/wp-json\/wp\/v2\/media\/15421"}],"wp:attachment":[{"href":"https:\/\/netclickshop.eu\/slo\/wp-json\/wp\/v2\/media?parent=15409"}],"curies":[{"name":"wp","href":"https:\/\/api.w.org\/{rel}","templated":true}]}}