{"id":15609,"date":"2020-01-30T12:22:57","date_gmt":"2020-01-30T12:22:57","guid":{"rendered":"http:\/\/slo.best4home.eu\/?post_type=product&#038;p=15609"},"modified":"2020-06-09T10:19:59","modified_gmt":"2020-06-09T10:19:59","slug":"poucna-igraca-s-crkami-in-stevilkami","status":"publish","type":"product","link":"https:\/\/netclickshop.eu\/slo\/izdelek\/poucna-igraca-s-crkami-in-stevilkami\/","title":{"rendered":"Pou\u010dna igra\u010da s \u010drkami in \u0161tevilkami"},"content":{"rendered":"<h4 style=\"text-align: center;\">POU\u010cNA IGRA\u010cA S \u010cRKAMI IN \u0160TEVILKAMI<\/h4>\n<p style=\"text-align: center;\">Paket \u010drk in \u0161tevilk lahko uporabite za pripravo razli\u010dnih zabavnih in pou\u010dnih dejavnosti za va\u0161e najmlaj\u0161e.<\/p>\n<p><img class=\"size-medium wp-image-15610 aligncenter\" src=\"https:\/\/slo.netclickshop.eu\/wp-content\/uploads\/2020\/01\/les_igraca_1-500x500.jpg\" alt=\"\" width=\"500\" height=\"500\" srcset=\"https:\/\/netclickshop.eu\/slo\/wp-content\/uploads\/2020\/01\/les_igraca_1-500x500.jpg 500w, https:\/\/netclickshop.eu\/slo\/wp-content\/uploads\/2020\/01\/les_igraca_1-300x300.jpg 300w, https:\/\/netclickshop.eu\/slo\/wp-content\/uploads\/2020\/01\/les_igraca_1-100x100.jpg 100w, https:\/\/netclickshop.eu\/slo\/wp-content\/uploads\/2020\/01\/les_igraca_1-600x600.jpg 600w, https:\/\/netclickshop.eu\/slo\/wp-content\/uploads\/2020\/01\/les_igraca_1-150x150.jpg 150w, https:\/\/netclickshop.eu\/slo\/wp-content\/uploads\/2020\/01\/les_igraca_1-768x768.jpg 768w, https:\/\/netclickshop.eu\/slo\/wp-content\/uploads\/2020\/01\/les_igraca_1.jpg 1000w\" sizes=\"(max-width: 500px) 100vw, 500px\" \/><\/p>\n<p style=\"text-align: center;\">Otrok se lahko s \u010drkami in \u0161tevilkami igra prosto, tako kot \u017eeli sam ali usmerjeno. Ker bo \u010drke pogosto opazoval, se jih dotikal, se z njimi igral, jih bo skozi igro la\u017eje in hitreje prepoznal in si jih zapomnil.<\/p>\n<p><img class=\"size-medium wp-image-15613 aligncenter\" src=\"https:\/\/slo.netclickshop.eu\/wp-content\/uploads\/2020\/01\/les_igraca_5-500x500.jpg\" alt=\"\" width=\"500\" height=\"500\" srcset=\"https:\/\/netclickshop.eu\/slo\/wp-content\/uploads\/2020\/01\/les_igraca_5-500x500.jpg 500w, https:\/\/netclickshop.eu\/slo\/wp-content\/uploads\/2020\/01\/les_igraca_5-300x300.jpg 300w, https:\/\/netclickshop.eu\/slo\/wp-content\/uploads\/2020\/01\/les_igraca_5-100x100.jpg 100w, https:\/\/netclickshop.eu\/slo\/wp-content\/uploads\/2020\/01\/les_igraca_5-600x600.jpg 600w, https:\/\/netclickshop.eu\/slo\/wp-content\/uploads\/2020\/01\/les_igraca_5-150x150.jpg 150w, https:\/\/netclickshop.eu\/slo\/wp-content\/uploads\/2020\/01\/les_igraca_5-768x768.jpg 768w, https:\/\/netclickshop.eu\/slo\/wp-content\/uploads\/2020\/01\/les_igraca_5.jpg 1000w\" sizes=\"(max-width: 500px) 100vw, 500px\" \/><\/p>\n<h4 style=\"text-align: center;\">KVALITETNA IZDELAVA<\/h4>\n<p style=\"text-align: center;\">\u010crke abecede in \u0161tevilke so narejene iz masivnega bukovega lesa.<\/p>\n<p><img class=\"alignnone size-medium wp-image-15614 aligncenter\" src=\"https:\/\/slo.netclickshop.eu\/wp-content\/uploads\/2020\/01\/les_igraca_2a-SLO-500x500.jpg\" alt=\"\" width=\"500\" height=\"500\" \/><\/p>\n<h4 style=\"text-align: center;\">IZJEMNA UPORABNOST IZDELKA<\/h4>\n<p style=\"text-align: center;\">De\u010dki in deklice bodo lesene \u010drke in \u0161tevilke vzljubili \u017ee na prvi pogled. Z igra\u010do se bodo lahko igrali ve\u010d let in se med igro veliko nau\u010dili.<\/p>\n<p><img class=\"size-medium wp-image-15616 aligncenter\" src=\"https:\/\/slo.netclickshop.eu\/wp-content\/uploads\/2020\/01\/les_igraca_7-SLO.jpg\" alt=\"\" width=\"500\" height=\"500\" \/><\/p>\n<h4 style=\"text-align: center;\">POZITIVEN VPLIV NA RAZVOJ VA\u0160EGA OTROKA<\/h4>\n<p style=\"text-align: center;\">Otroci bodo z igro do\u017eiveli mnogo zabave, med tem pa bodo razvijali tudi svojo fino motoriko, spomin in osredoto\u010denje. Igra\u010da bo na va\u0161ega otroka vplivala pozitivno, saj bo na zabaven na\u010din spoznaval \u010drke, \u0161tevilke, barve in vzorce.<\/p>\n<p><img class=\"alignnone size-medium wp-image-15617 aligncenter\" src=\"https:\/\/slo.netclickshop.eu\/wp-content\/uploads\/2020\/01\/les-slo.jpg\" alt=\"\" width=\"500\" height=\"500\" \/><\/p>\n<p style=\"text-align: center;\">Otrok se lahko z igra\u010do igra sam ali pa v skupini. Cilj igra\u010de je fizi\u010dni in du\u0161evni razvoj otrok ter prav tako razvoj ustvarjalnosti in poglabljanje zdrave otro\u0161ke radovednosti pri odkrivanju novih materialov, oblik in barvnih vzorcev.<\/p>\n<p><img class=\"alignnone size-medium wp-image-15618 aligncenter\" src=\"https:\/\/slo.netclickshop.eu\/wp-content\/uploads\/2020\/01\/les_igraca_8-500x462.jpg\" alt=\"\" width=\"500\" height=\"462\" srcset=\"https:\/\/netclickshop.eu\/slo\/wp-content\/uploads\/2020\/01\/les_igraca_8-500x462.jpg 500w, https:\/\/netclickshop.eu\/slo\/wp-content\/uploads\/2020\/01\/les_igraca_8-416x384.jpg 416w, https:\/\/netclickshop.eu\/slo\/wp-content\/uploads\/2020\/01\/les_igraca_8.jpg 540w\" sizes=\"(max-width: 500px) 100vw, 500px\" \/><\/p>\n<h4 style=\"text-align: center;\">VESELI SMO VA\u0160IH MNENJ \ud83d\ude0d<\/h4>\n<p><img class=\"alignnone size-medium wp-image-15618 aligncenter\" src=\"https:\/\/slo.netclickshop.eu\/wp-content\/uploads\/2020\/01\/mnenje-fb-500x143.jpg\" alt=\"\" width=\"500\" height=\"143\" \/><br \/>\n<img class=\"alignnone size-medium wp-image-15618 aligncenter\" src=\"https:\/\/slo.netclickshop.eu\/wp-content\/uploads\/2020\/01\/lesena-mnenja1-slo-500x750.jpg\" alt=\"\" width=\"500\" height=\"750\" \/><\/p>\n<h4 style=\"text-align: center;\">VIDEO PREDSTAVITEV \ud83e\udd70<\/h4>\n<p><div style=\"width: 1920px;\" class=\"wp-video\"><!--[if lt IE 9]><script>document.createElement('video');<\/script><![endif]-->\n<video class=\"wp-video-shortcode\" id=\"video-15609-1\" width=\"1920\" height=\"1080\" autoplay=\"1\" preload=\"auto\" controls=\"controls\"><source type=\"video\/mp4\" src=\"http:\/\/slo.best4home.eu\/wp-content\/uploads\/2020\/01\/crke-video-SLO.mp4?_=1\" \/><a href=\"http:\/\/slo.best4home.eu\/wp-content\/uploads\/2020\/01\/crke-video-SLO.mp4\">http:\/\/slo.best4home.eu\/wp-content\/uploads\/2020\/01\/crke-video-SLO.mp4<\/a><\/video><\/div><\/br><\/p>\n","protected":false},"excerpt":{"rendered":"<p>POU\u010cNA IGRA\u010cA S \u010cRKAMI IN \u0160TEVILKAMI Paket \u010drk in \u0161tevilk lahko uporabite za pripravo razli\u010dnih zabavnih in pou\u010dnih dejavnosti za va\u0161e najmlaj\u0161e. Otrok se lahko s \u010drkami in \u0161tevilkami igra prosto, tako kot \u017eeli sam ali usmerjeno. Ker bo \u010drke pogosto opazoval, se jih dotikal, se z njimi igral, jih bo skozi igro la\u017eje in &hellip;<\/p>\n<p class=\"read-more\"> <a class=\"\" href=\"https:\/\/netclickshop.eu\/slo\/izdelek\/poucna-igraca-s-crkami-in-stevilkami\/\"> <span class=\"screen-reader-text\">Pou\u010dna igra\u010da s \u010drkami in \u0161tevilkami<\/span> Read More &raquo;<\/a><\/p>\n","protected":false},"featured_media":15610,"template":"","meta":[],"_links":{"self":[{"href":"https:\/\/netclickshop.eu\/slo\/wp-json\/wp\/v2\/product\/15609"}],"collection":[{"href":"https:\/\/netclickshop.eu\/slo\/wp-json\/wp\/v2\/product"}],"about":[{"href":"https:\/\/netclickshop.eu\/slo\/wp-json\/wp\/v2\/types\/product"}],"version-history":[{"count":0,"href":"https:\/\/netclickshop.eu\/slo\/wp-json\/wp\/v2\/product\/15609\/revisions"}],"wp:featuredmedia":[{"embeddable":true,"href":"https:\/\/netclickshop.eu\/slo\/wp-json\/wp\/v2\/media\/15610"}],"wp:attachment":[{"href":"https:\/\/netclickshop.eu\/slo\/wp-json\/wp\/v2\/media?parent=15609"}],"curies":[{"name":"wp","href":"https:\/\/api.w.org\/{rel}","templated":true}]}}