{"id":15751,"date":"2020-02-07T08:33:20","date_gmt":"2020-02-07T08:33:20","guid":{"rendered":"http:\/\/slo.best4home.eu\/?post_type=product&#038;p=15751"},"modified":"2020-11-19T09:48:24","modified_gmt":"2020-11-19T09:48:24","slug":"previjalni-nahrbtnik-za-mamice","status":"publish","type":"product","link":"https:\/\/netclickshop.eu\/slo\/izdelek\/previjalni-nahrbtnik-za-mamice\/","title":{"rendered":"Priro\u010dni nahrbtnik za mamice"},"content":{"rendered":"<h4 style=\"text-align: center;\">PRIRO\u010cNI NAHRBTNIK ZA MAMICE<\/h4>\n<p style=\"text-align: center;\">Ne veste kam bi pospravili vse otrokove potreb\u0161\u010dine, ko greste na sprehod ali izlet?<\/p>\n<p style=\"text-align: center;\">Predstavljamo vam <strong>multifunkcijski, prakti\u010dni nahrbtnik za mamice<\/strong>! \u010cudovit nahrbtnik, v katerega lahko pospravite vse, kar potrebujete za nego va\u0161ega otroka, brez dodatnih vre\u010dk in torb.<\/p>\n<p><img class=\"alignnone size-medium wp-image-15752 aligncenter\" src=\"https:\/\/slo.netclickshop.eu\/wp-content\/uploads\/2020\/02\/nahrbtnik_1-500x500.jpg\" alt=\"\" width=\"500\" height=\"500\" srcset=\"https:\/\/netclickshop.eu\/slo\/wp-content\/uploads\/2020\/02\/nahrbtnik_1-500x500.jpg 500w, https:\/\/netclickshop.eu\/slo\/wp-content\/uploads\/2020\/02\/nahrbtnik_1-300x300.jpg 300w, https:\/\/netclickshop.eu\/slo\/wp-content\/uploads\/2020\/02\/nahrbtnik_1-100x100.jpg 100w, https:\/\/netclickshop.eu\/slo\/wp-content\/uploads\/2020\/02\/nahrbtnik_1-600x600.jpg 600w, https:\/\/netclickshop.eu\/slo\/wp-content\/uploads\/2020\/02\/nahrbtnik_1-150x150.jpg 150w, https:\/\/netclickshop.eu\/slo\/wp-content\/uploads\/2020\/02\/nahrbtnik_1-768x768.jpg 768w, https:\/\/netclickshop.eu\/slo\/wp-content\/uploads\/2020\/02\/nahrbtnik_1.jpg 1001w\" sizes=\"(max-width: 500px) 100vw, 500px\" \/><br \/>\n<img class=\"alignnone size-medium wp-image-15752 aligncenter\" src=\"https:\/\/slo.netclickshop.eu\/wp-content\/uploads\/2020\/02\/slo-fb1.jpg\" alt=\"\" width=\"497\" height=\"202\" \/><\/p>\n<h4 style=\"text-align: center;\">KVALITETNA IZDELAVA<\/h4>\n<p style=\"text-align: center;\">Nahrbtnik je izdelan iz kvalitetnega <strong>vodoodpornega materiala<\/strong>, s \u0161tevilnimi dodatnimi \u017eepi za rob\u010dke, stekleni\u010dke ali fla\u0161ke vode in osebne stvari. Je nepremo\u010dljiv in izjemno prakti\u010den, kot nala\u0161\u010d za aktivne mamice in o\u010dke. Nahrbtnik je dovolj velik za vse potrebne stvari, ki jih potrebujete na sprehodu ali potovanju za va\u0161ega otroka.<\/p>\n<p><img class=\"size-medium wp-image-15758 aligncenter\" src=\"https:\/\/slo.netclickshop.eu\/wp-content\/uploads\/2020\/02\/nahrbtnik_4-500x500.jpg\" alt=\"\" width=\"500\" height=\"500\" srcset=\"https:\/\/netclickshop.eu\/slo\/wp-content\/uploads\/2020\/02\/nahrbtnik_4-500x500.jpg 500w, https:\/\/netclickshop.eu\/slo\/wp-content\/uploads\/2020\/02\/nahrbtnik_4-300x300.jpg 300w, https:\/\/netclickshop.eu\/slo\/wp-content\/uploads\/2020\/02\/nahrbtnik_4-100x100.jpg 100w, https:\/\/netclickshop.eu\/slo\/wp-content\/uploads\/2020\/02\/nahrbtnik_4-600x600.jpg 600w, https:\/\/netclickshop.eu\/slo\/wp-content\/uploads\/2020\/02\/nahrbtnik_4-150x150.jpg 150w, https:\/\/netclickshop.eu\/slo\/wp-content\/uploads\/2020\/02\/nahrbtnik_4-768x768.jpg 768w, https:\/\/netclickshop.eu\/slo\/wp-content\/uploads\/2020\/02\/nahrbtnik_4.jpg 1002w\" sizes=\"(max-width: 500px) 100vw, 500px\" \/><br \/>\n<img class=\"alignnone size-medium wp-image-15752 aligncenter\" src=\"https:\/\/slo.netclickshop.eu\/wp-content\/uploads\/2020\/02\/slo-fb2.jpg\" alt=\"\" width=\"496\" height=\"201\" \/><\/p>\n<h4 style=\"text-align: center;\">IZJEMNO PRAKTI\u010cEN ZA UPORABO<\/h4>\n<p style=\"text-align: center;\">Prakti\u010dna oblika nahrbtnika <strong>z dvojno zadrgo<\/strong> in <strong>z 12 namenskimi \u017eepi<\/strong> vam daje mo\u017enost udobne ureditve notranjosti in omogo\u010da, da <strong>ga nosite na hrbtu ali pritrdite na vozi\u010dek<\/strong>. Nahrbtnik ima termo \u017eep za steklenice, \u017eep za mokre stvari, \u017eepe s hitrim dostopom za telefon ali dudo.<\/p>\n<p><img class=\"size-medium wp-image-15753 aligncenter\" src=\"https:\/\/slo.netclickshop.eu\/wp-content\/uploads\/2020\/02\/nahrbtnik_5-500x500.jpg\" alt=\"\" width=\"500\" height=\"500\" srcset=\"https:\/\/netclickshop.eu\/slo\/wp-content\/uploads\/2020\/02\/nahrbtnik_5-500x500.jpg 500w, https:\/\/netclickshop.eu\/slo\/wp-content\/uploads\/2020\/02\/nahrbtnik_5-300x300.jpg 300w, https:\/\/netclickshop.eu\/slo\/wp-content\/uploads\/2020\/02\/nahrbtnik_5-100x100.jpg 100w, https:\/\/netclickshop.eu\/slo\/wp-content\/uploads\/2020\/02\/nahrbtnik_5-600x600.jpg 600w, https:\/\/netclickshop.eu\/slo\/wp-content\/uploads\/2020\/02\/nahrbtnik_5-150x150.jpg 150w, https:\/\/netclickshop.eu\/slo\/wp-content\/uploads\/2020\/02\/nahrbtnik_5-768x768.jpg 768w, https:\/\/netclickshop.eu\/slo\/wp-content\/uploads\/2020\/02\/nahrbtnik_5.jpg 1002w\" sizes=\"(max-width: 500px) 100vw, 500px\" \/><br \/>\n<img class=\"size-medium wp-image-15753 aligncenter\" src=\"https:\/\/slo.netclickshop.eu\/wp-content\/uploads\/2020\/02\/slo-fb3.jpg\" alt=\"\" width=\"497\" height=\"198\" \/><\/p>\n<h4 style=\"text-align: center;\">MO\u017dNOST PRITRDITVE NA VOZI\u010cEK<\/h4>\n<p style=\"text-align: center;\">Mehke in udobne <strong>nastavljive naramnice<\/strong> s kratkimi ro\u010daji. <strong>Snemljiva stranska pasova<\/strong> omogo\u010data enostavno pritrditev na vozi\u010dek.<\/p>\n<p><img class=\"size-medium wp-image-15754 aligncenter\" src=\"https:\/\/slo.netclickshop.eu\/wp-content\/uploads\/2020\/02\/nahrbtnik_16-500x439.jpg\" alt=\"\" width=\"500\" height=\"439\" srcset=\"https:\/\/netclickshop.eu\/slo\/wp-content\/uploads\/2020\/02\/nahrbtnik_16-500x439.jpg 500w, https:\/\/netclickshop.eu\/slo\/wp-content\/uploads\/2020\/02\/nahrbtnik_16-416x365.jpg 416w, https:\/\/netclickshop.eu\/slo\/wp-content\/uploads\/2020\/02\/nahrbtnik_16.jpg 564w\" sizes=\"(max-width: 500px) 100vw, 500px\" \/><\/p>\n<h4 style=\"text-align: center;\">ENOSTAVEN ZA VZDR\u017dEVANJE\/\u010cI\u0160\u010cENJE<\/h4>\n<p style=\"text-align: center;\">Nahrbtnik je narejen tako, da ima okrepljeno konstrukcijo in <strong>visokokakovostno zunanjost<\/strong>. Je povsem enostaven za \u010di\u0161\u010denje, saj ga lahko preprosto obri\u0161ete z mokro krpo. Zunanjost nahrbtnik je narejena iz <strong>nepremo\u010dljivega materiala<\/strong>.<\/p>\n<p><img class=\"alignnone size-medium wp-image-15755 aligncenter\" src=\"https:\/\/slo.netclickshop.eu\/wp-content\/uploads\/2020\/02\/nahrbtnik_7-500x500.jpg\" alt=\"\" width=\"500\" height=\"500\" srcset=\"https:\/\/netclickshop.eu\/slo\/wp-content\/uploads\/2020\/02\/nahrbtnik_7-500x500.jpg 500w, https:\/\/netclickshop.eu\/slo\/wp-content\/uploads\/2020\/02\/nahrbtnik_7-300x300.jpg 300w, https:\/\/netclickshop.eu\/slo\/wp-content\/uploads\/2020\/02\/nahrbtnik_7-100x100.jpg 100w, https:\/\/netclickshop.eu\/slo\/wp-content\/uploads\/2020\/02\/nahrbtnik_7-600x600.jpg 600w, https:\/\/netclickshop.eu\/slo\/wp-content\/uploads\/2020\/02\/nahrbtnik_7-150x150.jpg 150w, https:\/\/netclickshop.eu\/slo\/wp-content\/uploads\/2020\/02\/nahrbtnik_7-768x768.jpg 768w, https:\/\/netclickshop.eu\/slo\/wp-content\/uploads\/2020\/02\/nahrbtnik_7.jpg 1002w\" sizes=\"(max-width: 500px) 100vw, 500px\" \/><\/p>\n<p style=\"text-align: center;\">Kot nala\u0161\u010d za <strong>vsakodnevni sprehod, dru\u017einski izlet<\/strong> z otrokom in <strong>turisti\u010dno potovanje<\/strong>, je ta nahrbtnik prijatelj star\u0161ev v vseh pogojih in <strong>olaj\u0161a vsakodnevno delovanje<\/strong>.<\/p>\n<p><img class=\"size-medium wp-image-15757 aligncenter\" src=\"https:\/\/slo.netclickshop.eu\/wp-content\/uploads\/2020\/02\/nahrbtnik_3-500x500.jpg\" alt=\"\" width=\"500\" height=\"500\" srcset=\"https:\/\/netclickshop.eu\/slo\/wp-content\/uploads\/2020\/02\/nahrbtnik_3-500x500.jpg 500w, https:\/\/netclickshop.eu\/slo\/wp-content\/uploads\/2020\/02\/nahrbtnik_3-300x300.jpg 300w, https:\/\/netclickshop.eu\/slo\/wp-content\/uploads\/2020\/02\/nahrbtnik_3-100x100.jpg 100w, https:\/\/netclickshop.eu\/slo\/wp-content\/uploads\/2020\/02\/nahrbtnik_3-600x600.jpg 600w, https:\/\/netclickshop.eu\/slo\/wp-content\/uploads\/2020\/02\/nahrbtnik_3-150x150.jpg 150w, https:\/\/netclickshop.eu\/slo\/wp-content\/uploads\/2020\/02\/nahrbtnik_3-768x768.jpg 768w, https:\/\/netclickshop.eu\/slo\/wp-content\/uploads\/2020\/02\/nahrbtnik_3.jpg 1002w\" sizes=\"(max-width: 500px) 100vw, 500px\" \/><\/p>\n<h4 style=\"text-align: center;\">ZELO SMO VESELI VA\u0160IH KOMENTARJEV \ud83d\ude0d<\/h4>\n<p><img class=\"size-medium wp-image-15757 aligncenter\" src=\"https:\/\/slo.netclickshop.eu\/wp-content\/uploads\/2020\/02\/slo-fb.jpg\" alt=\"\" width=\"500\" height=\"290\" \/><br \/>\n<img class=\"size-medium wp-image-15757 aligncenter\" src=\"https:\/\/slo.netclickshop.eu\/wp-content\/uploads\/2020\/02\/nahbrtnik-mnenja-500x920.jpg\" alt=\"\" width=\"500\" height=\"920\" \/><\/p>\n<p><!--\n\n\n<h4 style=\"text-align: center;\">VIDEO PREDSTAVITEV \ud83e\udd29<\/h4>\n\n\n\n\n<p style=\"text-align: center;\">Video sicer prikazuje, kaj vse lahko spakiramo za manj\u0161e otroke, vendar pa vse to z lahko zamenjajo fla\u0161ke za vodo va\u0161ih malo starej\u0161ih nadobudne\u017eev in pa obla\u010dila, ki jih tudi pri ve\u010djih otrocih vedno potrebujemo s seboj \ud83e\udd70<\/p>\n\n\n\n\n<p style=\"text-align: center;\">Seveda pa tudi to ni pravilo, saj ta <strong>\u010dudovit nahrbtnik<\/strong> lahko uporabite tudi <strong>ZASE<\/strong>, na <strong>svojih potovanjih<\/strong>, saj je z vsemi \u017eepki in predal\u010dki izredno <strong>prakti\u010den za potovanja in izlete<\/strong>, ki jih same opravite <strong>za svojo du\u0161o<\/strong>. In privo\u0161\u010dimo vam tudi \u010dim ve\u010d takih \ud83d\udc9d<\/p>\n\n\n[video width=\"1280\" height=\"720\" mp4=\"http:\/\/slo.best4home.eu\/wp-content\/uploads\/2020\/02\/Untitled-Project.mp4\" autoplay=\"false\" preload=\"auto\"][\/video]\n\n--><\/p>\n","protected":false},"excerpt":{"rendered":"<p>PRIRO\u010cNI NAHRBTNIK ZA MAMICE Ne veste kam bi pospravili vse otrokove potreb\u0161\u010dine, ko greste na sprehod ali izlet? Predstavljamo vam multifunkcijski, prakti\u010dni nahrbtnik za mamice! \u010cudovit nahrbtnik, v katerega lahko pospravite vse, kar potrebujete za nego va\u0161ega otroka, brez dodatnih vre\u010dk in torb. KVALITETNA IZDELAVA Nahrbtnik je izdelan iz kvalitetnega vodoodpornega materiala, s \u0161tevilnimi dodatnimi &hellip;<\/p>\n<p class=\"read-more\"> <a class=\"\" href=\"https:\/\/netclickshop.eu\/slo\/izdelek\/previjalni-nahrbtnik-za-mamice\/\"> <span class=\"screen-reader-text\">Priro\u010dni nahrbtnik za mamice<\/span> Read More &raquo;<\/a><\/p>\n","protected":false},"featured_media":15752,"template":"","meta":[],"_links":{"self":[{"href":"https:\/\/netclickshop.eu\/slo\/wp-json\/wp\/v2\/product\/15751"}],"collection":[{"href":"https:\/\/netclickshop.eu\/slo\/wp-json\/wp\/v2\/product"}],"about":[{"href":"https:\/\/netclickshop.eu\/slo\/wp-json\/wp\/v2\/types\/product"}],"version-history":[{"count":1,"href":"https:\/\/netclickshop.eu\/slo\/wp-json\/wp\/v2\/product\/15751\/revisions"}],"predecessor-version":[{"id":34222,"href":"https:\/\/netclickshop.eu\/slo\/wp-json\/wp\/v2\/product\/15751\/revisions\/34222"}],"wp:featuredmedia":[{"embeddable":true,"href":"https:\/\/netclickshop.eu\/slo\/wp-json\/wp\/v2\/media\/15752"}],"wp:attachment":[{"href":"https:\/\/netclickshop.eu\/slo\/wp-json\/wp\/v2\/media?parent=15751"}],"curies":[{"name":"wp","href":"https:\/\/api.w.org\/{rel}","templated":true}]}}