{"id":16958,"date":"2020-04-07T13:32:01","date_gmt":"2020-04-07T13:32:01","guid":{"rendered":"https:\/\/slo.best4home.eu\/?post_type=product&#038;p=16958"},"modified":"2020-06-09T10:17:53","modified_gmt":"2020-06-09T10:17:53","slug":"varnostna-mreza-safe-home","status":"publish","type":"product","link":"https:\/\/netclickshop.eu\/slo\/izdelek\/varnostna-mreza-safe-home\/","title":{"rendered":"Varnostna mre\u017ea Safe Home"},"content":{"rendered":"<h4 style=\"text-align: center;\">POSKRBITE ZA VAREN IN UREJEN DOM<\/h4>\n<p style=\"text-align: center;\">Prakti\u010dna varovalna mre\u017ea, ki bo va\u0161emu \u0161tirino\u017enemu prijatelju na prijazen na\u010din omejila gibanje po hi\u0161i ali stanovanju. Ogrodje je iz kakovostnega, trdnega materiala, vmes pa je mre\u017ea, skozi katero vas ljubljen\u010dek lahko vidi.<\/p>\n<p><img class=\"aligncenter wp-image-16959 size-medium\" src=\"https:\/\/slo.netclickshop.eu\/wp-content\/uploads\/2020\/04\/pregrada7.jpg\" alt=\"\" width=\"400\" height=\"400\" \/><\/p>\n<p style=\"text-align: center;\">Zagotovo si \u017eelite poskrbeti za varnost va\u0161ih hi\u0161nih ljubljen\u010dkov tudi takrat, ko so v zavetju doma. S kvalitetno varovalno mre\u017eo boste to storili hitro in preprosto. <\/p>\n<p><img class=\"size-medium wp-image-16960 aligncenter\" src=\"https:\/\/slo.netclickshop.eu\/wp-content\/uploads\/2020\/04\/pregrada4.jpg\" alt=\"\" width=\"500\" height=\"500\" \/><br \/>\n<\/br><\/p>\n<h4 style=\"text-align: center;\">HITRA IN PREPROSTA NAMESTITEV<\/h4>\n<p style=\"text-align: center;\">Namestitev za\u0161\u010ditne mre\u017ee je \u010disto preprosta. Namestite jo lahko med vrata, med stene ali stopni\u0161\u010de.<\/p>\n<p><img class=\"alignnone size-full wp-image-16965 aligncenter\" src=\"https:\/\/slo.netclickshop.eu\/wp-content\/uploads\/2020\/04\/Install.gif\" alt=\"\" width=\"400\" height=\"400\" \/><br \/>\n<\/br><\/p>\n<h4 style=\"text-align: center;\">PRIMERNA ZA VSE \u0160IRINE PREHODOV<\/h4>\n<p style=\"text-align: center;\">Tkano pregrado preprosto povle\u010dete in s tem ustvarite popolno ali delno zaporo. Dol\u017eino mre\u017ee zlahka prilagajate tako, da jo ob strani zvijete in jo nato obesite na prilo\u017eene kljukice. Tako je primerna za vse \u0161irine prehodov do kar 182 cm.<\/p>\n<p><img class=\"alignnone size-medium wp-image-17059 aligncenter\" src=\"https:\/\/slo.netclickshop.eu\/wp-content\/uploads\/2020\/04\/mreza_pes_11-500x500.jpg\" alt=\"\" width=\"500\" height=\"500\" srcset=\"https:\/\/netclickshop.eu\/slo\/wp-content\/uploads\/2020\/04\/mreza_pes_11-500x500.jpg 500w, https:\/\/netclickshop.eu\/slo\/wp-content\/uploads\/2020\/04\/mreza_pes_11-300x300.jpg 300w, https:\/\/netclickshop.eu\/slo\/wp-content\/uploads\/2020\/04\/mreza_pes_11-100x100.jpg 100w, https:\/\/netclickshop.eu\/slo\/wp-content\/uploads\/2020\/04\/mreza_pes_11-600x600.jpg 600w, https:\/\/netclickshop.eu\/slo\/wp-content\/uploads\/2020\/04\/mreza_pes_11-150x150.jpg 150w, https:\/\/netclickshop.eu\/slo\/wp-content\/uploads\/2020\/04\/mreza_pes_11-768x768.jpg 768w, https:\/\/netclickshop.eu\/slo\/wp-content\/uploads\/2020\/04\/mreza_pes_11-1024x1024.jpg 1024w, https:\/\/netclickshop.eu\/slo\/wp-content\/uploads\/2020\/04\/mreza_pes_11.jpg 1500w\" sizes=\"(max-width: 500px) 100vw, 500px\" \/><br \/>\n<\/br><\/p>\n<h4 class=\"naslov\" style=\"text-align: center;\">Specifikacije izdelka<\/h4>\n<ul>\n<li class=\"opis\" style=\"text-align: center;\">Mere: 74 x 182 cm<\/li>\n<li class=\"opis\" style=\"text-align: center;\">Material: tkanina, umetni material<\/li>\n<li class=\"opis\" style=\"text-align: center;\">Vsebina kompleta: 1x varnostna mre\u017ea, 2x raztegljivi drog, 4x samolepilna kljukica<\/li>\n<\/ul>\n<p><\/br><\/p>\n<h4 style=\"text-align: center;\">\ud83d\udc9a 100% VARNI NAKUP \ud83d\udc9a<\/h4>\n<h4 style=\"text-align: center;\">ZELO SMO VESELI VA\u0160IH SLIK \ud83d\ude42<\/h4>\n<p><img class=\"alignnone size-medium wp-image-14008 aligncenter\" src=\"https:\/\/slo.netclickshop.eu\/wp-content\/uploads\/2020\/04\/mnenja-mre\u017ea-SLO-500x1960.jpg\" alt=\"\" width=\"500\" height=\"1960\" \/><\/p>\n","protected":false},"excerpt":{"rendered":"<p>POSKRBITE ZA VAREN IN UREJEN DOM Prakti\u010dna varovalna mre\u017ea, ki bo va\u0161emu \u0161tirino\u017enemu prijatelju na prijazen na\u010din omejila gibanje po hi\u0161i ali stanovanju. Ogrodje je iz kakovostnega, trdnega materiala, vmes pa je mre\u017ea, skozi katero vas ljubljen\u010dek lahko vidi. Zagotovo si \u017eelite poskrbeti za varnost va\u0161ih hi\u0161nih ljubljen\u010dkov tudi takrat, ko so v zavetju doma. &hellip;<\/p>\n<p class=\"read-more\"> <a class=\"\" href=\"https:\/\/netclickshop.eu\/slo\/izdelek\/varnostna-mreza-safe-home\/\"> <span class=\"screen-reader-text\">Varnostna mre\u017ea Safe Home<\/span> Read More &raquo;<\/a><\/p>\n","protected":false},"featured_media":18268,"template":"","meta":[],"_links":{"self":[{"href":"https:\/\/netclickshop.eu\/slo\/wp-json\/wp\/v2\/product\/16958"}],"collection":[{"href":"https:\/\/netclickshop.eu\/slo\/wp-json\/wp\/v2\/product"}],"about":[{"href":"https:\/\/netclickshop.eu\/slo\/wp-json\/wp\/v2\/types\/product"}],"version-history":[{"count":0,"href":"https:\/\/netclickshop.eu\/slo\/wp-json\/wp\/v2\/product\/16958\/revisions"}],"wp:featuredmedia":[{"embeddable":true,"href":"https:\/\/netclickshop.eu\/slo\/wp-json\/wp\/v2\/media\/18268"}],"wp:attachment":[{"href":"https:\/\/netclickshop.eu\/slo\/wp-json\/wp\/v2\/media?parent=16958"}],"curies":[{"name":"wp","href":"https:\/\/api.w.org\/{rel}","templated":true}]}}