{"id":23774,"date":"2020-08-27T10:44:09","date_gmt":"2020-08-27T10:44:09","guid":{"rendered":"https:\/\/slo.best4home.eu\/?post_type=product&#038;p=23774"},"modified":"2021-04-07T15:30:33","modified_gmt":"2021-04-07T15:30:33","slug":"set-za-popravilo-aluminijastih-platisc","status":"publish","type":"product","link":"https:\/\/netclickshop.eu\/slo\/izdelek\/set-za-popravilo-aluminijastih-platisc\/","title":{"rendered":"Set za popravilo aluminijastih plati\u0161\u010d"},"content":{"rendered":"<h4 style=\"text-align: center;\">TRAJNO POPRAVITE PRASKE NA VA\u0160IH PLATI\u0160\u010cIH<\/h4>\n<p style=\"text-align: center;\">Komplet za popravilo aluminijastih plati\u0161\u010d takoj odpravi po\u0161kodbe na va\u0161ih plati\u0161\u010dih, praske, rahle udrtine ali po\u0161kodbe ob namestitvi.<\/p>\n<p><img class=\"alignnone size-full wp-image-23777 aligncenter\" src=\"https:\/\/slo.netclickshop.eu\/wp-content\/uploads\/2020\/08\/Gif-5.gif\" alt=\"\" width=\"400\" height=\"400\" \/><\/p>\n<h4 style=\"text-align: center;\">VAS JEZI MISEL NA PO\u0160KODOVANA PLATI\u0160\u010cA?<\/h4>\n<p style=\"text-align: center;\">Po raziskavah kar 94% lastnikov avtomobilov meni, da lepa plati\u0161\u010da naredijo njihov avto lep\u0161i in bolj privla\u010den na pogled. S setom za popravilo aluminijastih plati\u0161\u010d zato ne morete zgre\u0161iti, saj gre za hitro in ugodno re\u0161itev v primerjavi z nakupom novih plati\u0161\u010d, ki so zelo draga.<\/p>\n<p><img class=\"alignnone size-medium wp-image-23779 aligncenter\" src=\"https:\/\/slo.netclickshop.eu\/wp-content\/uploads\/2020\/08\/sl2-2.jpg\" alt=\"\" width=\"400\" height=\"400\" \/><\/p>\n<h4 style=\"text-align: center;\">HITRA IN CENOVNO UGODNA RE\u0160ITEV<\/h4>\n<p style=\"text-align: center;\">Set za popravilo aluminijastih plati\u0161\u010d bo deloval na vseh vrstah koles, ki imajo povr\u0161ino iz zlitine ali jekla in vsebuje vse, kar potrebujete za popravilo teh po\u0161kodb in prask. Prihrani vam stro\u0161ke popravljanja avtomobila, saj ne potrebujete nobenih dodatnih orodij.<\/p>\n<p><img class=\"alignnone size-full wp-image-23777 aligncenter\" src=\"https:\/\/slo.netclickshop.eu\/wp-content\/uploads\/2020\/08\/ALU-gif1.gif\" alt=\"\" width=\"480\" height=\"480\" \/><\/p>\n<h4 style=\"text-align: center;\">OBVEZNA AVTOMOBILSKA OPREMA ZA VSAKEGA PRAVEGA LJUBITELJA AVTOMOBILOV<\/h4>\n<p style=\"text-align: center;\"><strong>NEVIDNO<\/strong> &#8211; uporablja barvo, ki se popolnoma ujema z barvo na ve\u010dini alu plati\u0161\u010d za brezhibno delo.<\/p>\n<p style=\"text-align: center;\"><strong>VSE V ENEM<\/strong> &#8211; Dodatna orodja ali materiali niso potrebni, saj set za popravilo vsebuje vse kar potrebujete.<\/p>\n<p style=\"text-align: center;\"><strong>ODPOREN NA VRO\u010cINO<\/strong> &#8211; Pravilna uporaba seta za popravilo bo poskrbela, da bodo va\u0161a plati\u0161\u010da kot nova, ob tem pa odporna tako na vibracije kot tudi na vro\u010dino do 266 stopinj celzija.<\/p>\n<p style=\"text-align: center;\"><strong>UNIVERZALNO<\/strong> &#8211; Deluje na alu plati\u0161\u010da ali jeklena plati\u0161\u010da in jih je mogo\u010de uporabiti za kabine.<\/p>\n<p><img class=\"alignnone size-medium wp-image-23783 aligncenter\" src=\"https:\/\/slo.netclickshop.eu\/wp-content\/uploads\/2020\/08\/felge_4-500x408.jpg\" alt=\"\" width=\"500\" height=\"408\" srcset=\"https:\/\/netclickshop.eu\/slo\/wp-content\/uploads\/2020\/08\/felge_4-500x408.jpg 500w, https:\/\/netclickshop.eu\/slo\/wp-content\/uploads\/2020\/08\/felge_4-600x490.jpg 600w, https:\/\/netclickshop.eu\/slo\/wp-content\/uploads\/2020\/08\/felge_4-768x627.jpg 768w, https:\/\/netclickshop.eu\/slo\/wp-content\/uploads\/2020\/08\/felge_4.jpg 916w\" sizes=\"(max-width: 500px) 100vw, 500px\" \/><\/p>\n<h4 style=\"text-align: center;\">KAKO UPORABITI<\/h4>\n<p style=\"text-align: center;\">1. Po\u0161kodovano plati\u0161\u010de o\u010distite s pripravljeno blazinico in alkoholom.<br \/>\n2. \u010ce je plati\u0161\u010de rahlo po\u0161kodovano, uporabite mokri brusni papir, tako da boste pobrusili praske in zgladili povr\u0161ino, ter pobarvali obmo\u010dje, ki ste ga popravljali s prilo\u017eenim srebrnim lakom.<br \/>\n3. \u010ce je po\u0161kodovano obmo\u010dje veliko ali z vdolbinami, potem uporabite lepilo za popravilo. Lepilo za popravilo iztisnite na prilo\u017eeno podlogo in z lopatico zme\u0161ajte 2 prilo\u017eeni zmesi, tako da bosta \u017eelene sive barve (me\u0161anje zaklju\u010dite v roku 2-4 minut).<br \/>\n4. Obmo\u010dja na plati\u0161\u010dih, ki so po\u0161kodovana od robnika ali drugih ovir napolnite z zmesjo in su\u0161ite 15 minut.<br \/>\n5. Z mokrim brusnim papirjem prilagodite zmes, ki ste jo nanesli na popravljeno povr\u0161ino. Po potrebi ponovite korak 3 in 4.<br \/>\n6. Dobro o\u010distite obmo\u010dje plati\u0161\u010da, ki ste ga popravili in s \u010dopi\u010dem nanesite tanko plast laka.<br \/>\n7. Pred uporabo avtomobila pustite stati vsaj 12 ur, popolno utrjevanje popravljenih plati\u0161\u010d pa bo trajalo pribli\u017eno 3 dni.<\/p>\n<p><img class=\"alignnone size-full wp-image-23777 aligncenter\" src=\"https:\/\/slo.netclickshop.eu\/wp-content\/uploads\/2020\/08\/felge_gif_1.gif\" alt=\"\" width=\"480\" height=\"480\" \/><\/p>\n<h4 style=\"text-align: center;\"><\/h4>\n<p>&nbsp;<\/p>\n","protected":false},"excerpt":{"rendered":"<p>TRAJNO POPRAVITE PRASKE NA VA\u0160IH PLATI\u0160\u010cIH Komplet za popravilo aluminijastih plati\u0161\u010d takoj odpravi po\u0161kodbe na va\u0161ih plati\u0161\u010dih, praske, rahle udrtine ali po\u0161kodbe ob namestitvi. VAS JEZI MISEL NA PO\u0160KODOVANA PLATI\u0160\u010cA? Po raziskavah kar 94% lastnikov avtomobilov meni, da lepa plati\u0161\u010da naredijo njihov avto lep\u0161i in bolj privla\u010den na pogled. S setom za popravilo aluminijastih plati\u0161\u010d &hellip;<\/p>\n<p class=\"read-more\"> <a class=\"\" href=\"https:\/\/netclickshop.eu\/slo\/izdelek\/set-za-popravilo-aluminijastih-platisc\/\"> <span class=\"screen-reader-text\">Set za popravilo aluminijastih plati\u0161\u010d<\/span> Read More &raquo;<\/a><\/p>\n","protected":false},"featured_media":23779,"template":"","meta":[],"_links":{"self":[{"href":"https:\/\/netclickshop.eu\/slo\/wp-json\/wp\/v2\/product\/23774"}],"collection":[{"href":"https:\/\/netclickshop.eu\/slo\/wp-json\/wp\/v2\/product"}],"about":[{"href":"https:\/\/netclickshop.eu\/slo\/wp-json\/wp\/v2\/types\/product"}],"version-history":[{"count":1,"href":"https:\/\/netclickshop.eu\/slo\/wp-json\/wp\/v2\/product\/23774\/revisions"}],"predecessor-version":[{"id":34114,"href":"https:\/\/netclickshop.eu\/slo\/wp-json\/wp\/v2\/product\/23774\/revisions\/34114"}],"wp:featuredmedia":[{"embeddable":true,"href":"https:\/\/netclickshop.eu\/slo\/wp-json\/wp\/v2\/media\/23779"}],"wp:attachment":[{"href":"https:\/\/netclickshop.eu\/slo\/wp-json\/wp\/v2\/media?parent=23774"}],"curies":[{"name":"wp","href":"https:\/\/api.w.org\/{rel}","templated":true}]}}