{"id":23964,"date":"2020-09-02T09:30:43","date_gmt":"2020-09-02T09:30:43","guid":{"rendered":"https:\/\/slo.best4home.eu\/?post_type=product&#038;p=23964"},"modified":"2020-10-05T12:59:48","modified_gmt":"2020-10-05T12:59:48","slug":"vrecka-za-pranje-cevljev","status":"publish","type":"product","link":"https:\/\/netclickshop.eu\/slo\/izdelek\/vrecka-za-pranje-cevljev\/","title":{"rendered":"Vre\u010dka za pranje \u010devljev"},"content":{"rendered":"<h4 style=\"text-align: center;\">OPERITE VA\u0160E \u010cEVLJE KAR V PRALNEM STROJU<\/h4>\n<p style=\"text-align: center;\">Ali se va\u0161i \u010devlji ob pranju po\u0161kodujejo? Preizkusite na\u0161o vre\u010dko za pranje \u010devljev! Posebej zasnovana za pranje \u010devljev na najpreprostej\u0161i na\u010din. Okrogla oblika gobice in drobna mre\u017eica omogo\u010data, da voda in detergent prideta skozi, ne da bi se zataknila. Vre\u010dko preprosto polo\u017eite v pralni stroj in jih operite, da bodo kot novi.<\/p>\n<p><img class=\"alignnone size-full wp-image-23985 aligncenter\" src=\"https:\/\/slo.netclickshop.eu\/wp-content\/uploads\/2020\/09\/vrecka_cevlji_gif.gif\" alt=\"\" width=\"480\" height=\"480\" \/><br \/>\n<img class=\"alignnone size-full wp-image-23985 aligncenter\" src=\"https:\/\/slo.netclickshop.eu\/wp-content\/uploads\/2020\/09\/SLO-fb-mnenje-497x149-1.jpg\" alt=\"\" width=\"497\" height=\"149\" \/><br \/>\n<\/br><\/p>\n<h4 style=\"text-align: center;\">\u2705 ZA\u0160\u010cITITE \u010cEVLJE<\/h4>\n<p style=\"text-align: center;\">Danes so \u010devlji narejeni iz tekstilnih materialov ali pletene preje in se lahko hitro po\u0161kodujejo med pranjem v pralnem stroju. S to varno pralno vre\u010dko lahko prepre\u010dite deformacije in razpoke na va\u0161ih \u010devljih.<\/p>\n<p><img class=\"alignnone size-medium wp-image-23965 aligncenter\" src=\"https:\/\/slo.netclickshop.eu\/wp-content\/uploads\/2020\/09\/vrecka_cevlji_1-500x500.jpg\" alt=\"\" width=\"500\" height=\"500\" srcset=\"https:\/\/netclickshop.eu\/slo\/wp-content\/uploads\/2020\/09\/vrecka_cevlji_1-500x500.jpg 500w, https:\/\/netclickshop.eu\/slo\/wp-content\/uploads\/2020\/09\/vrecka_cevlji_1-300x300.jpg 300w, https:\/\/netclickshop.eu\/slo\/wp-content\/uploads\/2020\/09\/vrecka_cevlji_1-100x100.jpg 100w, https:\/\/netclickshop.eu\/slo\/wp-content\/uploads\/2020\/09\/vrecka_cevlji_1-600x600.jpg 600w, https:\/\/netclickshop.eu\/slo\/wp-content\/uploads\/2020\/09\/vrecka_cevlji_1-150x150.jpg 150w, https:\/\/netclickshop.eu\/slo\/wp-content\/uploads\/2020\/09\/vrecka_cevlji_1-768x768.jpg 768w, https:\/\/netclickshop.eu\/slo\/wp-content\/uploads\/2020\/09\/vrecka_cevlji_1.jpg 1001w\" sizes=\"(max-width: 500px) 100vw, 500px\" \/><br \/>\n<img class=\"alignnone size-medium wp-image-14008 aligncenter\" src=\"https:\/\/slo.netclickshop.eu\/wp-content\/uploads\/2020\/09\/FB-slo1a-548x117.jpg\" alt=\"\" width=\"548\" height=\"117\" \/><br \/>\n<\/br><\/p>\n<h4 style=\"text-align: center;\">\u2705 RAZLI\u010cNI NA\u010cINI UPORABE<\/h4>\n<p style=\"text-align: center;\">Pralno vre\u010dko lahko uporabljate ne samo v pralnem stroju, ampak tudi za pakiranje obla\u010dil, ko potujete. Poleg tega je primerna tudi za lo\u010devanje predmetov.<\/p>\n<p><img class=\"alignnone size-medium wp-image-23986 aligncenter\" src=\"https:\/\/slo.netclickshop.eu\/wp-content\/uploads\/2020\/09\/Screenshot_2020-09-01-Flexx-Gear-Shoe-Cleaning-Bag3-500x500.png\" alt=\"\" width=\"500\" height=\"500\" srcset=\"https:\/\/netclickshop.eu\/slo\/wp-content\/uploads\/2020\/09\/Screenshot_2020-09-01-Flexx-Gear-Shoe-Cleaning-Bag3-500x500.png 500w, https:\/\/netclickshop.eu\/slo\/wp-content\/uploads\/2020\/09\/Screenshot_2020-09-01-Flexx-Gear-Shoe-Cleaning-Bag3-300x300.png 300w, https:\/\/netclickshop.eu\/slo\/wp-content\/uploads\/2020\/09\/Screenshot_2020-09-01-Flexx-Gear-Shoe-Cleaning-Bag3-100x100.png 100w, https:\/\/netclickshop.eu\/slo\/wp-content\/uploads\/2020\/09\/Screenshot_2020-09-01-Flexx-Gear-Shoe-Cleaning-Bag3-600x600.png 600w, https:\/\/netclickshop.eu\/slo\/wp-content\/uploads\/2020\/09\/Screenshot_2020-09-01-Flexx-Gear-Shoe-Cleaning-Bag3-150x150.png 150w, https:\/\/netclickshop.eu\/slo\/wp-content\/uploads\/2020\/09\/Screenshot_2020-09-01-Flexx-Gear-Shoe-Cleaning-Bag3.png 725w\" sizes=\"(max-width: 500px) 100vw, 500px\" \/><br \/>\n<img class=\"alignnone size-medium wp-image-14008 aligncenter\" src=\"https:\/\/slo.netclickshop.eu\/wp-content\/uploads\/2020\/09\/FB-slo-540x141.jpg\" alt=\"\" width=\"540\" height=\"141\" \/><br \/>\n<\/br><\/p>\n<h4 style=\"text-align: center;\">\u2705 PODALJ\u0160AJTE \u017dIVLJENJE DRAGIH \u010cEVLJEV<\/h4>\n<p style=\"text-align: center;\">Ker se bojimo, da bi \u010devlje v pralnem stroju po\u0161kodovali, nas ve\u010dina svojo obutev pere ro\u010dno ali pa sploh ne. Na\u0161a vre\u010dka za pranje je lahko najbolj\u0161i spremljevalec za pranje va\u0161ih najljub\u0161ih \u010devljev brez napora, kar v pralnem stroju.<\/p>\n<p><img class=\"alignnone size-medium wp-image-23987 aligncenter\" src=\"https:\/\/slo.netclickshop.eu\/wp-content\/uploads\/2020\/09\/Screenshot_2020-09-01-Flexx-Gear-Shoe-Cleaning-Bag1-500x500.png\" alt=\"\" width=\"500\" height=\"500\" srcset=\"https:\/\/netclickshop.eu\/slo\/wp-content\/uploads\/2020\/09\/Screenshot_2020-09-01-Flexx-Gear-Shoe-Cleaning-Bag1-500x500.png 500w, https:\/\/netclickshop.eu\/slo\/wp-content\/uploads\/2020\/09\/Screenshot_2020-09-01-Flexx-Gear-Shoe-Cleaning-Bag1-300x300.png 300w, https:\/\/netclickshop.eu\/slo\/wp-content\/uploads\/2020\/09\/Screenshot_2020-09-01-Flexx-Gear-Shoe-Cleaning-Bag1-100x100.png 100w, https:\/\/netclickshop.eu\/slo\/wp-content\/uploads\/2020\/09\/Screenshot_2020-09-01-Flexx-Gear-Shoe-Cleaning-Bag1-600x600.png 600w, https:\/\/netclickshop.eu\/slo\/wp-content\/uploads\/2020\/09\/Screenshot_2020-09-01-Flexx-Gear-Shoe-Cleaning-Bag1-150x150.png 150w, https:\/\/netclickshop.eu\/slo\/wp-content\/uploads\/2020\/09\/Screenshot_2020-09-01-Flexx-Gear-Shoe-Cleaning-Bag1.png 725w\" sizes=\"(max-width: 500px) 100vw, 500px\" \/><br \/>\n<\/br><\/p>\n<h4 style=\"text-align: center;\">\u2705 VARNO IN ENOSTAVNO SU\u0160ENJE<\/h4>\n<p style=\"text-align: center;\">Verjetno veste, da su\u0161enje \u010devljev v su\u0161ilnem stroju ali na soncu va\u0161e \u010devlje po\u0161koduje, v nekaterih primerih celo skr\u010di. Po pranju v pralnem stroju vam iz vre\u010dke za pranje ni treba odstraniti \u010devljev. Samo obesite vre\u010dko za pranje na obe\u0161alnik in pustite, da se posu\u0161ijo.<\/p>\n<p><img class=\"alignnone size-medium wp-image-23988 aligncenter\" src=\"https:\/\/slo.netclickshop.eu\/wp-content\/uploads\/2020\/09\/Screenshot_2020-09-01-Flexx-Gear-Shoe-Cleaning-Bag2-500x500.png\" alt=\"\" width=\"500\" height=\"500\" srcset=\"https:\/\/netclickshop.eu\/slo\/wp-content\/uploads\/2020\/09\/Screenshot_2020-09-01-Flexx-Gear-Shoe-Cleaning-Bag2-500x500.png 500w, https:\/\/netclickshop.eu\/slo\/wp-content\/uploads\/2020\/09\/Screenshot_2020-09-01-Flexx-Gear-Shoe-Cleaning-Bag2-300x300.png 300w, https:\/\/netclickshop.eu\/slo\/wp-content\/uploads\/2020\/09\/Screenshot_2020-09-01-Flexx-Gear-Shoe-Cleaning-Bag2-100x100.png 100w, https:\/\/netclickshop.eu\/slo\/wp-content\/uploads\/2020\/09\/Screenshot_2020-09-01-Flexx-Gear-Shoe-Cleaning-Bag2-600x600.png 600w, https:\/\/netclickshop.eu\/slo\/wp-content\/uploads\/2020\/09\/Screenshot_2020-09-01-Flexx-Gear-Shoe-Cleaning-Bag2-150x150.png 150w, https:\/\/netclickshop.eu\/slo\/wp-content\/uploads\/2020\/09\/Screenshot_2020-09-01-Flexx-Gear-Shoe-Cleaning-Bag2.png 725w\" sizes=\"(max-width: 500px) 100vw, 500px\" \/><br \/>\n<\/br><\/p>\n<h4 style=\"text-align: center;\">\u2705\u00a0PRIHRANITE \u010cAS<\/h4>\n<p style=\"text-align: center;\">Z na\u0161o vre\u010dko za pranje \u010devljev v pralnem stroju boste prihranili ogromno \u010dasa, saj vam ne bo treba \u010devljev ro\u010dno \u0161\u010detkati in prati, kar je zelo zamudno in umazano delo. Va\u0161e najljub\u0161e \u010devlje preprosto polo\u017eite v pralno vre\u010dko, nato v pralni stroj &#8211; in \u017ee lahko pri\u010dnete s pranjem.<\/p>\n<p><img class=\"alignnone size-medium wp-image-23989 aligncenter\" src=\"https:\/\/slo.netclickshop.eu\/wp-content\/uploads\/2020\/09\/GIF.gif\" alt=\"\" width=\"360\" height=\"360\" \/><br \/>\n<img class=\"alignnone size-medium wp-image-14008 aligncenter\" src=\"https:\/\/slo.netclickshop.eu\/wp-content\/uploads\/2020\/09\/FB-slo1a-407x97.jpg\" alt=\"\" width=\"407\" height=\"97\" \/><br \/>\n<\/br><\/p>\n<h4 style=\"text-align: center;\">\ud83c\udfc6 ZAKAJ JE TO NAJBOLJ PRODAJAN IZDELEK?<\/h4>\n<p style=\"text-align: center;\">\u2714\ufe0f NOVA inovacija visoke kvalitete<br \/>\n\u2714\ufe0f Uporabite jo lahko v kateremkoli pralnem stroju<br \/>\n\u2714\ufe0f Ima zadrgo, ki ostane tesno zaprta med pranjem<br \/>\n\u2714\ufe0f Ker s pranjem poskrbi, da se znebite bakterij in neprijetnih vonjav v va\u0161ih \u010devljih<br \/>\n\u2714\ufe0f Slu\u017ei tudi za obe\u0161anje \u010devljev<br \/>\n\u2714\ufe0f Odli\u010dna za pranje tenisk<br \/>\n\u2714\ufe0f Izdelana iz dolgotrajnega, visokokvalitetnega poliestra in trpe\u017ene pene<br \/>\n\u2714\ufe0f Lahko jo uporabite tudi za shranjevanje in za\u0161\u010dito \u010devljev<br \/>\n\u2714\ufe0f <strong>Univerzalna velikost &#8211; tudi za najve\u010dje velikosti \u010devljev<\/strong><\/p>\n<p><img class=\"alignnone size-medium wp-image-14008 aligncenter\" src=\"https:\/\/slo.netclickshop.eu\/wp-content\/uploads\/2020\/09\/SLO-fb-mnenje-497x107-1.jpg\" alt=\"\" width=\"497\" height=\"62\" \/><br \/>\n<\/br><\/p>\n<h4 style=\"text-align: center;\">\ud83d\udc4d 100% VARNI NAKUP \ud83d\udc4d<\/h4>\n<h4 style=\"text-align: center;\">HVALA ZA VA\u0160A MNENJA \ud83d\ude0d<\/h4>\n<p><img class=\"alignnone size-medium wp-image-14008 aligncenter\" src=\"https:\/\/slo.netclickshop.eu\/wp-content\/uploads\/2020\/09\/FB-slo-472x287.jpg\" alt=\"\" width=\"472\" height=\"287\" \/><br \/>\n<img class=\"alignnone size-medium wp-image-14008 aligncenter\" src=\"https:\/\/slo.netclickshop.eu\/wp-content\/uploads\/2020\/09\/FB-slo3-472x287.jpg\" alt=\"\" width=\"472\" height=\"287\" \/><br \/>\n<img class=\"alignnone size-medium wp-image-14008 aligncenter\" src=\"https:\/\/slo.netclickshop.eu\/wp-content\/uploads\/2020\/09\/FB-slo2-472x287.jpg\" alt=\"\" width=\"472\" height=\"287\" \/><\/p>\n","protected":false},"excerpt":{"rendered":"<p>OPERITE VA\u0160E \u010cEVLJE KAR V PRALNEM STROJU Ali se va\u0161i \u010devlji ob pranju po\u0161kodujejo? Preizkusite na\u0161o vre\u010dko za pranje \u010devljev! Posebej zasnovana za pranje \u010devljev na najpreprostej\u0161i na\u010din. Okrogla oblika gobice in drobna mre\u017eica omogo\u010data, da voda in detergent prideta skozi, ne da bi se zataknila. Vre\u010dko preprosto polo\u017eite v pralni stroj in jih operite, &hellip;<\/p>\n<p class=\"read-more\"> <a class=\"\" href=\"https:\/\/netclickshop.eu\/slo\/izdelek\/vrecka-za-pranje-cevljev\/\"> <span class=\"screen-reader-text\">Vre\u010dka za pranje \u010devljev<\/span> Read More &raquo;<\/a><\/p>\n","protected":false},"featured_media":23990,"template":"","meta":[],"_links":{"self":[{"href":"https:\/\/netclickshop.eu\/slo\/wp-json\/wp\/v2\/product\/23964"}],"collection":[{"href":"https:\/\/netclickshop.eu\/slo\/wp-json\/wp\/v2\/product"}],"about":[{"href":"https:\/\/netclickshop.eu\/slo\/wp-json\/wp\/v2\/types\/product"}],"version-history":[{"count":0,"href":"https:\/\/netclickshop.eu\/slo\/wp-json\/wp\/v2\/product\/23964\/revisions"}],"wp:featuredmedia":[{"embeddable":true,"href":"https:\/\/netclickshop.eu\/slo\/wp-json\/wp\/v2\/media\/23990"}],"wp:attachment":[{"href":"https:\/\/netclickshop.eu\/slo\/wp-json\/wp\/v2\/media?parent=23964"}],"curies":[{"name":"wp","href":"https:\/\/api.w.org\/{rel}","templated":true}]}}