{"id":25654,"date":"2020-10-11T10:41:25","date_gmt":"2020-10-11T10:41:25","guid":{"rendered":"https:\/\/slo.best4home.eu\/?post_type=product&#038;p=25654"},"modified":"2021-09-06T09:29:18","modified_gmt":"2021-09-06T09:29:18","slug":"zunanja-wifi-kamera-safetycam","status":"publish","type":"product","link":"https:\/\/netclickshop.eu\/slo\/izdelek\/zunanja-wifi-kamera-safetycam\/","title":{"rendered":"Zunanja WIFI kamera SafetyCam 1 + 1 GRATIS"},"content":{"rendered":"<h4 style=\"text-align: center;\">V PAKETU PREJMETE 2 WIFI KAMERI!<\/h4>\n<h4 style=\"text-align: center;\"><strong>IMEJTE STALNI NADZOR S SVOJIM TELEFONOM<\/strong><\/h4>\n<p style=\"text-align: center;\">Kamera vam na pametni telefon po\u0161lje alarmno sporo\u010dilo in aktivnosti obiskovalcev shrani na pomnilni\u0161ko kartico, tako da dogajanje lahko pozneje tudi preverite.<\/p>\n<p><img class=\"alignnone size-full wp-image-25662 aligncenter\" src=\"https:\/\/slo.netclickshop.eu\/wp-content\/uploads\/2020\/10\/safetycam_gif_2.gif\" alt=\"\" width=\"400\" height=\"271\" \/><\/p>\n<h4 style=\"text-align: center;\">NADZOR V \u017dIVO<\/h4>\n<p style=\"text-align: center;\">Varnostno kamero lahko pove\u017eete s svojim pametnim telefonom, tablico ali ra\u010dunalnikom, kar ji omogo\u010da najnovej\u0161a P2P (Peer to Peer) tehnologija. Le ta omogo\u010da kameri da lahko komunicira z ostalimi omre\u017enimi napravami prek internetne povezave brez kompleksnih mre\u017enih nastavitev. To pomeni, da se lahko hitro in enostavno pove\u017eete s kamero in gledate prenos snemanja v \u017eivo prek aplikacije ICSee, ki je na voljo za Androide in iOS naprave. Kamera nudi tudi mo\u017enost dvosmerne audio komunikacije.<\/p>\n<p><img class=\"alignnone size-full wp-image-25663 aligncenter\" src=\"https:\/\/slo.netclickshop.eu\/wp-content\/uploads\/2020\/10\/safetycam_gif_3.gif\" alt=\"\" width=\"400\" height=\"400\" \/><\/p>\n<h4 style=\"text-align: center;\">HITRA MONTA\u017dA<\/h4>\n<p style=\"text-align: center;\">Varnostno kamero enostavno montirate na katerokoli ravno podlago s pomo\u010djo prilo\u017eenih pripomo\u010dkov (v setu so: navodila, izvija\u010d, vijaki, za\u0161\u010ditni vlo\u017eki in vodoodporne kapice), ki jih boste prejeli v kompletu. Rotacijska glava kamere je vpeta na stranski nosilec, ki ga s prilo\u017eenim orodjem montirate na katerokoli steno. Ohi\u0161je kamere je povsem vodoodporno in odporno na vse vremenske vplive ne glede na lego. Kamero lahko uporabljate brez\u017ei\u010dno, deluje prek WiFi-ja, obstaja pa tudi mo\u017enost priklju\u010ditve kabla. Podpira spominske kartice do 128 GB.<\/p>\n<p>&nbsp;<\/p>\n<h4 style=\"text-align: center;\"><strong>DNEVNI IN NO\u010cNI NADZOR V POLNIH BARVAH<\/strong><\/h4>\n<p style=\"text-align: center;\">Ima 3 \u0161irokokotne infrarde\u010de lu\u010dke in 4 svetle LED lu\u010dke, kar omogo\u010da barvit video tako podnevi kot tudi pono\u010di.<\/p>\n<p><img class=\"size-medium wp-image-25664 aligncenter\" src=\"https:\/\/slo.netclickshop.eu\/wp-content\/uploads\/2020\/10\/Screenshot_2020-10-11-Outdoor-wifi-camera-500x500.png\" alt=\"\" width=\"500\" height=\"500\" srcset=\"https:\/\/netclickshop.eu\/slo\/wp-content\/uploads\/2020\/10\/Screenshot_2020-10-11-Outdoor-wifi-camera-500x500.png 500w, https:\/\/netclickshop.eu\/slo\/wp-content\/uploads\/2020\/10\/Screenshot_2020-10-11-Outdoor-wifi-camera-300x300.png 300w, https:\/\/netclickshop.eu\/slo\/wp-content\/uploads\/2020\/10\/Screenshot_2020-10-11-Outdoor-wifi-camera-100x100.png 100w, https:\/\/netclickshop.eu\/slo\/wp-content\/uploads\/2020\/10\/Screenshot_2020-10-11-Outdoor-wifi-camera-600x600.png 600w, https:\/\/netclickshop.eu\/slo\/wp-content\/uploads\/2020\/10\/Screenshot_2020-10-11-Outdoor-wifi-camera-150x150.png 150w, https:\/\/netclickshop.eu\/slo\/wp-content\/uploads\/2020\/10\/Screenshot_2020-10-11-Outdoor-wifi-camera.png 675w\" sizes=\"(max-width: 500px) 100vw, 500px\" \/><\/p>\n<h4 style=\"text-align: center;\"><strong>ODPORNA NA VODO IN PRAH<\/strong><\/h4>\n<p style=\"text-align: center;\">Kamera je vodoodporna, zato jo lahko postavite v vsak koti\u010dek na prostem. Odli\u010dno deluje v prav vseh vremenskih razmerah.<\/p>\n<p><img class=\"size-medium wp-image-25666 aligncenter\" src=\"https:\/\/slo.netclickshop.eu\/wp-content\/uploads\/2020\/10\/safetycam_2-500x500.jpg\" alt=\"\" width=\"500\" height=\"500\" srcset=\"https:\/\/netclickshop.eu\/slo\/wp-content\/uploads\/2020\/10\/safetycam_2-500x500.jpg 500w, https:\/\/netclickshop.eu\/slo\/wp-content\/uploads\/2020\/10\/safetycam_2-300x300.jpg 300w, https:\/\/netclickshop.eu\/slo\/wp-content\/uploads\/2020\/10\/safetycam_2-100x100.jpg 100w, https:\/\/netclickshop.eu\/slo\/wp-content\/uploads\/2020\/10\/safetycam_2-600x600.jpg 600w, https:\/\/netclickshop.eu\/slo\/wp-content\/uploads\/2020\/10\/safetycam_2-1024x1024.jpg 1024w, https:\/\/netclickshop.eu\/slo\/wp-content\/uploads\/2020\/10\/safetycam_2-150x150.jpg 150w, https:\/\/netclickshop.eu\/slo\/wp-content\/uploads\/2020\/10\/safetycam_2-768x768.jpg 768w, https:\/\/netclickshop.eu\/slo\/wp-content\/uploads\/2020\/10\/safetycam_2.jpg 1500w\" sizes=\"(max-width: 500px) 100vw, 500px\" \/><\/p>\n<h4 style=\"text-align: center;\"><strong>OPOZORILO ZA ZAZNAVANJE GIBANJA<\/strong><\/h4>\n<p style=\"text-align: center;\">Na svoj pametni telefon boste prejeli obvestilo iz aplikacijo takoj, ko je gibanje zaznano. Nobeno \u010dlove\u0161ko gibanje ne bo ostalo skrito va\u0161im o\u010dem. Video pretakanja v \u017eivo vam ni treba stalno spremljati!<\/p>\n<p><img class=\"alignnone size-medium wp-image-25667 aligncenter\" src=\"https:\/\/slo.netclickshop.eu\/wp-content\/uploads\/2020\/10\/safetycam_3-500x500.jpg\" alt=\"\" width=\"500\" height=\"500\" srcset=\"https:\/\/netclickshop.eu\/slo\/wp-content\/uploads\/2020\/10\/safetycam_3-500x500.jpg 500w, https:\/\/netclickshop.eu\/slo\/wp-content\/uploads\/2020\/10\/safetycam_3-300x300.jpg 300w, https:\/\/netclickshop.eu\/slo\/wp-content\/uploads\/2020\/10\/safetycam_3-100x100.jpg 100w, https:\/\/netclickshop.eu\/slo\/wp-content\/uploads\/2020\/10\/safetycam_3-600x600.jpg 600w, https:\/\/netclickshop.eu\/slo\/wp-content\/uploads\/2020\/10\/safetycam_3-1024x1024.jpg 1024w, https:\/\/netclickshop.eu\/slo\/wp-content\/uploads\/2020\/10\/safetycam_3-150x150.jpg 150w, https:\/\/netclickshop.eu\/slo\/wp-content\/uploads\/2020\/10\/safetycam_3-768x768.jpg 768w, https:\/\/netclickshop.eu\/slo\/wp-content\/uploads\/2020\/10\/safetycam_3.jpg 1500w\" sizes=\"(max-width: 500px) 100vw, 500px\" \/><\/p>\n","protected":false},"excerpt":{"rendered":"<p>V PAKETU PREJMETE 2 WIFI KAMERI! IMEJTE STALNI NADZOR S SVOJIM TELEFONOM Kamera vam na pametni telefon po\u0161lje alarmno sporo\u010dilo in aktivnosti obiskovalcev shrani na pomnilni\u0161ko kartico, tako da dogajanje lahko pozneje tudi preverite. NADZOR V \u017dIVO Varnostno kamero lahko pove\u017eete s svojim pametnim telefonom, tablico ali ra\u010dunalnikom, kar ji omogo\u010da najnovej\u0161a P2P (Peer to &hellip;<\/p>\n<p class=\"read-more\"> <a class=\"\" href=\"https:\/\/netclickshop.eu\/slo\/izdelek\/zunanja-wifi-kamera-safetycam\/\"> <span class=\"screen-reader-text\">Zunanja WIFI kamera SafetyCam 1 + 1 GRATIS<\/span> Read More &raquo;<\/a><\/p>\n","protected":false},"featured_media":25668,"template":"","meta":[],"_links":{"self":[{"href":"https:\/\/netclickshop.eu\/slo\/wp-json\/wp\/v2\/product\/25654"}],"collection":[{"href":"https:\/\/netclickshop.eu\/slo\/wp-json\/wp\/v2\/product"}],"about":[{"href":"https:\/\/netclickshop.eu\/slo\/wp-json\/wp\/v2\/types\/product"}],"version-history":[{"count":2,"href":"https:\/\/netclickshop.eu\/slo\/wp-json\/wp\/v2\/product\/25654\/revisions"}],"predecessor-version":[{"id":36402,"href":"https:\/\/netclickshop.eu\/slo\/wp-json\/wp\/v2\/product\/25654\/revisions\/36402"}],"wp:featuredmedia":[{"embeddable":true,"href":"https:\/\/netclickshop.eu\/slo\/wp-json\/wp\/v2\/media\/25668"}],"wp:attachment":[{"href":"https:\/\/netclickshop.eu\/slo\/wp-json\/wp\/v2\/media?parent=25654"}],"curies":[{"name":"wp","href":"https:\/\/api.w.org\/{rel}","templated":true}]}}