{"id":25676,"date":"2020-10-11T18:41:09","date_gmt":"2020-10-11T18:41:09","guid":{"rendered":"https:\/\/slo.best4home.eu\/?post_type=product&#038;p=25676"},"modified":"2020-10-26T20:02:21","modified_gmt":"2020-10-26T20:02:21","slug":"elektricni-aparat-za-urejanje-nohtov","status":"publish","type":"product","link":"https:\/\/netclickshop.eu\/slo\/izdelek\/elektricni-aparat-za-urejanje-nohtov\/","title":{"rendered":"Elektri\u010dni aparat za urejanje nohtov"},"content":{"rendered":"<h4 style=\"text-align: center;\">POSKRBITE ZA POPOLNO UREJENE NOHTE<\/h4>\n<p style=\"text-align: center;\">Elektri\u010dni aparat za manikuro in pedikuro z razli\u010dnimi nastavki za piljenje, poliranje, oblikovanje, graviranje, bru\u0161enje, \u010di\u0161\u010denje in \u0161e mnogo ve\u010d vas bo zagotovo navdu\u0161il.<\/p>\n<p><img class=\"alignnone size-full wp-image-25707 aligncenter\" src=\"https:\/\/slo.netclickshop.eu\/wp-content\/uploads\/2020\/10\/nohti_gif_3.gif\" alt=\"\" width=\"360\" height=\"360\" \/><br \/>\n<img class=\"alignnone size-medium wp-image-14627 aligncenter\" src=\"https:\/\/slo.netclickshop.eu\/wp-content\/uploads\/2019\/12\/SLO-fb-mnenjaSr.jpg\" alt=\"\" width=\"420\" height=\"71\" \/><\/p>\n<h4 style=\"text-align: center;\">V PAKETU PREJMETE KAR 12 NASTAVKOV<\/h4>\n<p style=\"text-align: center;\">Primerni so ne glede na to, ali morate preprosto o\u010distiti nohte ali \u010de potrebujete zdravljenje kurjih o\u010des, \u017euljev in vra\u0161\u010denih nohtov. Naprava je zasnovana za delo z nizkimi vibracijami z manj hrupa, zagotavlja manj pritiska, ve\u010d udobja in dalj\u0161i \u010das uporabe.<\/p>\n<p><img class=\"alignnone size-full wp-image-25708 aligncenter\" src=\"https:\/\/slo.netclickshop.eu\/wp-content\/uploads\/2020\/10\/nohti_5.jpeg\" alt=\"\" width=\"429\" height=\"456\" srcset=\"https:\/\/netclickshop.eu\/slo\/wp-content\/uploads\/2020\/10\/nohti_5.jpeg 429w, https:\/\/netclickshop.eu\/slo\/wp-content\/uploads\/2020\/10\/nohti_5-416x442.jpeg 416w\" sizes=\"(max-width: 429px) 100vw, 429px\" \/><br \/>\n<img class=\"size-medium wp-image-15757 aligncenter\" src=\"https:\/\/slo.netclickshop.eu\/wp-content\/uploads\/2020\/03\/Slo-fb-mnenjaZg.jpg\" alt=\"\" width=\"474\" height=\"175\" \/><\/p>\n<p style=\"text-align: center;\"><strong>BREZ HRUPA IN VIBRACIJ<\/strong>: ima mo\u010dan, a tih motor brez vibracij med uporabo, kar omogo\u010da nemoteno delovanje<\/p>\n<p style=\"text-align: center;\"><strong>PREPRE\u010cUJE PREGREVANJE<\/strong>: Z u\u010dinkovitim odvajanjem toplote zagotavlja dobro uporabni\u0161ko izku\u0161njo in u\u010dinkovito prepre\u010duje pregrevanje<\/p>\n<p style=\"text-align: center;\"><strong>VSESTRANSKO UPORABEN<\/strong>: Odli\u010dno deluje tako za prave kot za umetne nohte. Brusilni trakovi so primerni za bru\u0161enje, ostrenje, rezanje, rezljanje in poliranje nohtov.<\/p>\n<p style=\"text-align: center;\"><strong>PRILAGODLJIVA HITROST<\/strong>: To priro\u010dno orodje ima spremenljive hitrosti od 0 do 20 000 vrt. \/ minuto.<\/p>\n<p><img class=\"alignnone size-full wp-image-25709 aligncenter\" src=\"https:\/\/slo.netclickshop.eu\/wp-content\/uploads\/2020\/10\/nohti_gif_2.gif\" alt=\"\" width=\"360\" height=\"360\" \/><\/p>\n<h4 style=\"text-align: center;\">APARAT JE PRIMEREN ZA PROFESIONALNO ALI DOMA\u010cO UPORABO<\/h4>\n<p><img class=\"alignnone size-full wp-image-25709 aligncenter\" src=\"https:\/\/slo.netclickshop.eu\/wp-content\/uploads\/2020\/10\/nohti_3-500x500.jpg\" alt=\"\" width=\"500\" height=\"500\" \/><\/p>\n<p><img class=\"size-medium wp-image-15757 aligncenter\" src=\"https:\/\/slo.netclickshop.eu\/wp-content\/uploads\/2020\/03\/Slo-fb-mnenja1b.jpg\" alt=\"\" width=\"500\" height=\"154\" \/><\/p>\n<h4 style=\"text-align: center;\">PRIMEREN KOT DARILO!<\/h4>\n<p><img class=\"alignnone size-medium wp-image-25711 aligncenter\" src=\"https:\/\/slo.netclickshop.eu\/wp-content\/uploads\/2020\/10\/nohti_4-500x500.jpg\" alt=\"\" width=\"500\" height=\"500\" srcset=\"https:\/\/netclickshop.eu\/slo\/wp-content\/uploads\/2020\/10\/nohti_4-500x500.jpg 500w, https:\/\/netclickshop.eu\/slo\/wp-content\/uploads\/2020\/10\/nohti_4-300x300.jpg 300w, https:\/\/netclickshop.eu\/slo\/wp-content\/uploads\/2020\/10\/nohti_4-100x100.jpg 100w, https:\/\/netclickshop.eu\/slo\/wp-content\/uploads\/2020\/10\/nohti_4-600x600.jpg 600w, https:\/\/netclickshop.eu\/slo\/wp-content\/uploads\/2020\/10\/nohti_4-150x150.jpg 150w, https:\/\/netclickshop.eu\/slo\/wp-content\/uploads\/2020\/10\/nohti_4-768x768.jpg 768w, https:\/\/netclickshop.eu\/slo\/wp-content\/uploads\/2020\/10\/nohti_4.jpg 1000w\" sizes=\"(max-width: 500px) 100vw, 500px\" \/><br \/>\n<img class=\"size-medium wp-image-15757 aligncenter\" src=\"https:\/\/slo.netclickshop.eu\/wp-content\/uploads\/2020\/03\/SLO-fb-mnenje-top.jpg\" alt=\"\" width=\"500\" height=\"87\" \/><\/p>\n<h4 style=\"text-align: center;\">\ud83d\udc9a HVALA ZA ZAUPANJE \ud83d\udc9a<\/h4>\n<p><img class=\"aligncenter wp-image-16682 size-medium\" src=\"https:\/\/slo.netclickshop.eu\/wp-content\/uploads\/2019\/12\/tens-slo-best.jpg\" alt=\"\" width=\"504\" height=\"375\" \/><\/p>\n<h4 style=\"text-align: center;\">\ud83d\udc9b 100% VARNI NAKUP \ud83d\udc9b<\/h4>\n<h4 style=\"text-align: center;\">RADI PREBIRAMO VA\u0160E KOMENTARJE \ud83d\ude0d<\/h4>\n","protected":false},"excerpt":{"rendered":"<p>POSKRBITE ZA POPOLNO UREJENE NOHTE Elektri\u010dni aparat za manikuro in pedikuro z razli\u010dnimi nastavki za piljenje, poliranje, oblikovanje, graviranje, bru\u0161enje, \u010di\u0161\u010denje in \u0161e mnogo ve\u010d vas bo zagotovo navdu\u0161il. V PAKETU PREJMETE KAR 12 NASTAVKOV Primerni so ne glede na to, ali morate preprosto o\u010distiti nohte ali \u010de potrebujete zdravljenje kurjih o\u010des, \u017euljev in vra\u0161\u010denih &hellip;<\/p>\n<p class=\"read-more\"> <a class=\"\" href=\"https:\/\/netclickshop.eu\/slo\/izdelek\/elektricni-aparat-za-urejanje-nohtov\/\"> <span class=\"screen-reader-text\">Elektri\u010dni aparat za urejanje nohtov<\/span> Read More &raquo;<\/a><\/p>\n","protected":false},"featured_media":25712,"template":"","meta":[],"_links":{"self":[{"href":"https:\/\/netclickshop.eu\/slo\/wp-json\/wp\/v2\/product\/25676"}],"collection":[{"href":"https:\/\/netclickshop.eu\/slo\/wp-json\/wp\/v2\/product"}],"about":[{"href":"https:\/\/netclickshop.eu\/slo\/wp-json\/wp\/v2\/types\/product"}],"version-history":[{"count":0,"href":"https:\/\/netclickshop.eu\/slo\/wp-json\/wp\/v2\/product\/25676\/revisions"}],"wp:featuredmedia":[{"embeddable":true,"href":"https:\/\/netclickshop.eu\/slo\/wp-json\/wp\/v2\/media\/25712"}],"wp:attachment":[{"href":"https:\/\/netclickshop.eu\/slo\/wp-json\/wp\/v2\/media?parent=25676"}],"curies":[{"name":"wp","href":"https:\/\/api.w.org\/{rel}","templated":true}]}}