{"id":26178,"date":"2020-10-18T17:00:04","date_gmt":"2020-10-18T17:00:04","guid":{"rendered":"https:\/\/slo.best4home.eu\/?post_type=product&#038;p=26178"},"modified":"2020-11-18T17:15:22","modified_gmt":"2020-11-18T17:15:22","slug":"set-pametnih-sivank-12-delni","status":"publish","type":"product","link":"https:\/\/netclickshop.eu\/slo\/izdelek\/set-pametnih-sivank-12-delni\/","title":{"rendered":"Set pametnih \u0161ivank"},"content":{"rendered":"<h4 style=\"text-align: center;\">REVOLUCIONARNE \u0160IVANKE ZA VSAK DOM<\/h4>\n<p style=\"text-align: center;\">Ste \u017ee imeli kdaj enega od tistih dni, ko sukanec preprosto no\u010de skozi \u0161ivankino uho? Brez skrbi! Nikoli ve\u010d vam ne bo treba trpeti, zahvaljujo\u010d na\u0161im pametnim \u0161ivankam.<\/p>\n<p><img class=\"alignnone wp-image-26179 aligncenter\" src=\"https:\/\/slo.netclickshop.eu\/wp-content\/uploads\/2020\/10\/sivanka_gif_1.gif\" alt=\"\" width=\"300\" height=\"300\" \/><\/p>\n<p style=\"text-align: center;\"><strong>EDINSTVEN DIZAJN<\/strong> &#8211; Pametna \u0161ivanka ima edinstveno mikroskopsko odprtino na vrhu, ki omogo\u010da, da nit zdrsne v \u0161ivankino uho. Nit boste lahko vstavili v samo 1 sekundi, kar na koncu odpravi te\u017eave v primerjavi z obi\u010dajnimi \u0161ivankami.<\/p>\n<p><img class=\"aligncenter wp-image-26180 size-medium\" src=\"https:\/\/slo.netclickshop.eu\/wp-content\/uploads\/2020\/10\/Screenshot_2020-10-18-12-pcs-Self-threading-Needles-Best-DIY-Crafts-2019-500x500.png\" alt=\"\" width=\"500\" height=\"500\" srcset=\"https:\/\/netclickshop.eu\/slo\/wp-content\/uploads\/2020\/10\/Screenshot_2020-10-18-12-pcs-Self-threading-Needles-Best-DIY-Crafts-2019-500x500.png 500w, https:\/\/netclickshop.eu\/slo\/wp-content\/uploads\/2020\/10\/Screenshot_2020-10-18-12-pcs-Self-threading-Needles-Best-DIY-Crafts-2019-300x300.png 300w, https:\/\/netclickshop.eu\/slo\/wp-content\/uploads\/2020\/10\/Screenshot_2020-10-18-12-pcs-Self-threading-Needles-Best-DIY-Crafts-2019-100x100.png 100w, https:\/\/netclickshop.eu\/slo\/wp-content\/uploads\/2020\/10\/Screenshot_2020-10-18-12-pcs-Self-threading-Needles-Best-DIY-Crafts-2019-600x600.png 600w, https:\/\/netclickshop.eu\/slo\/wp-content\/uploads\/2020\/10\/Screenshot_2020-10-18-12-pcs-Self-threading-Needles-Best-DIY-Crafts-2019-150x150.png 150w, https:\/\/netclickshop.eu\/slo\/wp-content\/uploads\/2020\/10\/Screenshot_2020-10-18-12-pcs-Self-threading-Needles-Best-DIY-Crafts-2019.png 706w\" sizes=\"(max-width: 500px) 100vw, 500px\" \/><\/p>\n<h4 style=\"text-align: center;\">ENOSTAVNA IN HITRA UPORABA<\/h4>\n<p style=\"text-align: center;\">Nit samo napeljite okoli \u0161ivanke, povlecite v utor in kon\u010dali ste z navijanjem. Zaradi svoje enostavnosti so pametni \u0161ivanke primerne tudi za uporabo in prve korake pri u\u010denju \u0161ivanja va\u0161ih najmlaj\u0161ih.<\/p>\n<p><img class=\"alignnone size-medium wp-image-26181 aligncenter\" src=\"https:\/\/slo.netclickshop.eu\/wp-content\/uploads\/2020\/10\/sivanka_1-500x500.jpg\" alt=\"\" width=\"500\" height=\"500\" srcset=\"https:\/\/netclickshop.eu\/slo\/wp-content\/uploads\/2020\/10\/sivanka_1-500x500.jpg 500w, https:\/\/netclickshop.eu\/slo\/wp-content\/uploads\/2020\/10\/sivanka_1-300x300.jpg 300w, https:\/\/netclickshop.eu\/slo\/wp-content\/uploads\/2020\/10\/sivanka_1-100x100.jpg 100w, https:\/\/netclickshop.eu\/slo\/wp-content\/uploads\/2020\/10\/sivanka_1-600x600.jpg 600w, https:\/\/netclickshop.eu\/slo\/wp-content\/uploads\/2020\/10\/sivanka_1-1024x1024.jpg 1024w, https:\/\/netclickshop.eu\/slo\/wp-content\/uploads\/2020\/10\/sivanka_1-150x150.jpg 150w, https:\/\/netclickshop.eu\/slo\/wp-content\/uploads\/2020\/10\/sivanka_1-768x768.jpg 768w, https:\/\/netclickshop.eu\/slo\/wp-content\/uploads\/2020\/10\/sivanka_1.jpg 1500w\" sizes=\"(max-width: 500px) 100vw, 500px\" \/><\/p>\n<h4 style=\"text-align: center;\">VE\u010c VELIKOSTI V PAKETU<\/h4>\n<p style=\"text-align: center;\">V paketu prejmete 3 razli\u010dne velikosti \u0161ivank, tako da lahko izberete katerokoli, odvisno od va\u0161ih \u017eelja in potreb.<\/p>\n<p><img class=\"alignnone size-medium wp-image-26181 aligncenter\" src=\"https:\/\/slo.netclickshop.eu\/wp-content\/uploads\/2020\/10\/sivanka_gif_2.gif\" alt=\"\" width=\"300\" height=\"300\" \/><\/p>\n<h4 style=\"text-align: center;\">INOVATIVNA ZASNOVA<\/h4>\n<p style=\"text-align: center;\">Pametna \u0161ivanka je zasnovana tako za starej\u0161e kot za ljudi z artritisom, otroke in za\u010detnike. Recite NE starim, neprakti\u010dnim \u0161ivankam.<\/p>\n<p><img class=\"alignnone size-medium wp-image-26183 aligncenter\" src=\"https:\/\/slo.netclickshop.eu\/wp-content\/uploads\/2020\/10\/Screenshot_2020-10-18-12-pcs-Self-threading-Needles-Best-DIY-Crafts-20191-500x500.png\" alt=\"\" width=\"500\" height=\"500\" srcset=\"https:\/\/netclickshop.eu\/slo\/wp-content\/uploads\/2020\/10\/Screenshot_2020-10-18-12-pcs-Self-threading-Needles-Best-DIY-Crafts-20191-500x500.png 500w, https:\/\/netclickshop.eu\/slo\/wp-content\/uploads\/2020\/10\/Screenshot_2020-10-18-12-pcs-Self-threading-Needles-Best-DIY-Crafts-20191-300x300.png 300w, https:\/\/netclickshop.eu\/slo\/wp-content\/uploads\/2020\/10\/Screenshot_2020-10-18-12-pcs-Self-threading-Needles-Best-DIY-Crafts-20191-100x100.png 100w, https:\/\/netclickshop.eu\/slo\/wp-content\/uploads\/2020\/10\/Screenshot_2020-10-18-12-pcs-Self-threading-Needles-Best-DIY-Crafts-20191-600x600.png 600w, https:\/\/netclickshop.eu\/slo\/wp-content\/uploads\/2020\/10\/Screenshot_2020-10-18-12-pcs-Self-threading-Needles-Best-DIY-Crafts-20191-150x150.png 150w, https:\/\/netclickshop.eu\/slo\/wp-content\/uploads\/2020\/10\/Screenshot_2020-10-18-12-pcs-Self-threading-Needles-Best-DIY-Crafts-20191.png 675w\" sizes=\"(max-width: 500px) 100vw, 500px\" \/><\/p>\n<p style=\"text-align: center;\">Ne dovolite, da vas klasi\u010dne \u0161ivanke in te\u017eko vtikanje niti skozi \u0161ivankino uho vr\u017ee iz tira in vas odvra\u010da, da bi se ukvarjali z va\u0161imi doma\u010dimi \u0161ivalnimi projekti.<\/p>\n<p>&nbsp;<\/p>\n<h4 style=\"text-align: center;\">\ud83d\udc9a HVALA ZA ZAUPANJE \ud83d\udc9a<\/h4>\n<h4 style=\"text-align: center;\">\ud83d\udc4d 100% VARNI NAKUP \ud83d\udc4d<\/h4>\n<h3 style=\"text-align: center;\">RADI PREBIRAMO VA\u0160E KOMENTARJE \ud83d\ude0d<\/h3>\n<p><img class=\"alignnone size-medium wp-image-25249 aligncenter\" src=\"https:\/\/slo.netclickshop.eu\/wp-content\/uploads\/2020\/10\/FB-SLO1-472x223-short-1.jpg\" alt=\"\" width=\"472\" height=\"223\" \/><br \/>\n<img class=\"alignnone size-medium wp-image-25249 aligncenter\" src=\"https:\/\/slo.netclickshop.eu\/wp-content\/uploads\/2020\/10\/FB-SLO2-472x223-short.jpg\" alt=\"\" width=\"472\" height=\"223\" \/><br \/>\n<img class=\"alignnone size-medium wp-image-25249 aligncenter\" src=\"https:\/\/slo.netclickshop.eu\/wp-content\/uploads\/2020\/10\/FB-SLO3-472x223-short-1.jpg\" alt=\"\" width=\"472\" height=\"223\" \/><\/p>\n","protected":false},"excerpt":{"rendered":"<p>REVOLUCIONARNE \u0160IVANKE ZA VSAK DOM Ste \u017ee imeli kdaj enega od tistih dni, ko sukanec preprosto no\u010de skozi \u0161ivankino uho? Brez skrbi! Nikoli ve\u010d vam ne bo treba trpeti, zahvaljujo\u010d na\u0161im pametnim \u0161ivankam. EDINSTVEN DIZAJN &#8211; Pametna \u0161ivanka ima edinstveno mikroskopsko odprtino na vrhu, ki omogo\u010da, da nit zdrsne v \u0161ivankino uho. Nit boste lahko &hellip;<\/p>\n<p class=\"read-more\"> <a class=\"\" href=\"https:\/\/netclickshop.eu\/slo\/izdelek\/set-pametnih-sivank-12-delni\/\"> <span class=\"screen-reader-text\">Set pametnih \u0161ivank<\/span> Read More &raquo;<\/a><\/p>\n","protected":false},"featured_media":26184,"template":"","meta":[],"_links":{"self":[{"href":"https:\/\/netclickshop.eu\/slo\/wp-json\/wp\/v2\/product\/26178"}],"collection":[{"href":"https:\/\/netclickshop.eu\/slo\/wp-json\/wp\/v2\/product"}],"about":[{"href":"https:\/\/netclickshop.eu\/slo\/wp-json\/wp\/v2\/types\/product"}],"version-history":[{"count":0,"href":"https:\/\/netclickshop.eu\/slo\/wp-json\/wp\/v2\/product\/26178\/revisions"}],"wp:featuredmedia":[{"embeddable":true,"href":"https:\/\/netclickshop.eu\/slo\/wp-json\/wp\/v2\/media\/26184"}],"wp:attachment":[{"href":"https:\/\/netclickshop.eu\/slo\/wp-json\/wp\/v2\/media?parent=26178"}],"curies":[{"name":"wp","href":"https:\/\/api.w.org\/{rel}","templated":true}]}}