{"id":35598,"date":"2021-07-15T12:40:52","date_gmt":"2021-07-15T12:40:52","guid":{"rendered":"https:\/\/slo.netclickshop.eu\/?post_type=product&#038;p=35598"},"modified":"2021-07-19T08:58:08","modified_gmt":"2021-07-19T08:58:08","slug":"komplet-ambientnih-svetilk-outdoor-za-fasado-2-kosa","status":"publish","type":"product","link":"https:\/\/netclickshop.eu\/slo\/izdelek\/komplet-ambientnih-svetilk-outdoor-za-fasado-2-kosa\/","title":{"rendered":"Komplet ambientnih svetilk Outdoor za fasado (2 kosa)"},"content":{"rendered":"<h4 style=\"text-align: center;\">USTVARITE PRAVO AMBIENTNO SVETLOBO ZUNANJOSTI VA\u0160E HI\u0160E<\/h4>\n<p style=\"text-align: center;\">Zunanja stenska &#8211; fasadna svetilka moderne oblike. Idealna, \u010de \u017eelite osvetliti fasado, vrtno pot, dovozno pot ali vhod.<\/p>\n<p style=\"text-align: center;\"><img class=\"alignnone size-medium wp-image-35599\" src=\"https:\/\/slo.netclickshop.eu\/wp-content\/uploads\/2021\/07\/fasada_1-500x500.jpg\" alt=\"\" width=\"500\" height=\"500\" srcset=\"https:\/\/netclickshop.eu\/slo\/wp-content\/uploads\/2021\/07\/fasada_1-500x500.jpg 500w, https:\/\/netclickshop.eu\/slo\/wp-content\/uploads\/2021\/07\/fasada_1-1024x1024.jpg 1024w, https:\/\/netclickshop.eu\/slo\/wp-content\/uploads\/2021\/07\/fasada_1-150x150.jpg 150w, https:\/\/netclickshop.eu\/slo\/wp-content\/uploads\/2021\/07\/fasada_1-768x768.jpg 768w, https:\/\/netclickshop.eu\/slo\/wp-content\/uploads\/2021\/07\/fasada_1-300x300.jpg 300w, https:\/\/netclickshop.eu\/slo\/wp-content\/uploads\/2021\/07\/fasada_1-600x600.jpg 600w, https:\/\/netclickshop.eu\/slo\/wp-content\/uploads\/2021\/07\/fasada_1-100x100.jpg 100w, https:\/\/netclickshop.eu\/slo\/wp-content\/uploads\/2021\/07\/fasada_1.jpg 1500w\" sizes=\"(max-width: 500px) 100vw, 500px\" \/><\/p>\n<h4 style=\"text-align: center;\">ENOSTAVNA MONTA\u017dA IN PRIKLOP<\/h4>\n<p style=\"text-align: center;\">Svetilko boste povsem enostavno zmontirali, samo priklju\u010dite kabel in privija\u010dite vijak v fasado va\u0161e hi\u0161e.<\/p>\n<p><img class=\"alignnone size-medium wp-image-35600 aligncenter\" src=\"https:\/\/slo.netclickshop.eu\/wp-content\/uploads\/2021\/07\/fasada_7-402x500.jpg\" alt=\"\" width=\"402\" height=\"500\" srcset=\"https:\/\/netclickshop.eu\/slo\/wp-content\/uploads\/2021\/07\/fasada_7-402x500.jpg 402w, https:\/\/netclickshop.eu\/slo\/wp-content\/uploads\/2021\/07\/fasada_7-823x1024.jpg 823w, https:\/\/netclickshop.eu\/slo\/wp-content\/uploads\/2021\/07\/fasada_7-768x955.jpg 768w, https:\/\/netclickshop.eu\/slo\/wp-content\/uploads\/2021\/07\/fasada_7-600x746.jpg 600w, https:\/\/netclickshop.eu\/slo\/wp-content\/uploads\/2021\/07\/fasada_7.jpg 1147w\" sizes=\"(max-width: 402px) 100vw, 402px\" \/><\/p>\n<h4 style=\"text-align: center;\">\u017dICE ZA PRIKLOP ELEKTRI\u010cNEGA KABLA SO PRIPRAVLJENE<\/h4>\n<p style=\"text-align: center;\">Namestitev in priklop bosta izjemno preprosta. V paketu za izjemno ugodno ceno dobite kar 2 svetilki.<img class=\"alignnone size-medium wp-image-35601 aligncenter\" src=\"https:\/\/slo.netclickshop.eu\/wp-content\/uploads\/2021\/07\/fasada_3-500x422.jpg\" alt=\"\" width=\"500\" height=\"422\" srcset=\"https:\/\/netclickshop.eu\/slo\/wp-content\/uploads\/2021\/07\/fasada_3-500x422.jpg 500w, https:\/\/netclickshop.eu\/slo\/wp-content\/uploads\/2021\/07\/fasada_3-1024x864.jpg 1024w, https:\/\/netclickshop.eu\/slo\/wp-content\/uploads\/2021\/07\/fasada_3-768x648.jpg 768w, https:\/\/netclickshop.eu\/slo\/wp-content\/uploads\/2021\/07\/fasada_3-600x506.jpg 600w, https:\/\/netclickshop.eu\/slo\/wp-content\/uploads\/2021\/07\/fasada_3.jpg 1500w\" sizes=\"(max-width: 500px) 100vw, 500px\" \/><\/p>\n<h4 style=\"text-align: center;\">MODERNA IN ELEGANTNA IZDELAVA<\/h4>\n<p>&nbsp;<\/p>\n<p style=\"text-align: center;\">Svetilke so modernega dizajna in se bodo odli\u010dno podala k vsakemu stilu hi\u0161e in k vsaki barvi fasade. Prepri\u010dani ste lahko, da boste s svetilko Outdoor ustvarili \u010dudovit svetlobni ambient va\u0161e hi\u0161e.<\/p>\n<p><img class=\"alignnone size-medium wp-image-35604 aligncenter\" src=\"https:\/\/slo.netclickshop.eu\/wp-content\/uploads\/2021\/07\/fasada_6-416x500.jpg\" alt=\"\" width=\"416\" height=\"500\" srcset=\"https:\/\/netclickshop.eu\/slo\/wp-content\/uploads\/2021\/07\/fasada_6-416x500.jpg 416w, https:\/\/netclickshop.eu\/slo\/wp-content\/uploads\/2021\/07\/fasada_6-852x1024.jpg 852w, https:\/\/netclickshop.eu\/slo\/wp-content\/uploads\/2021\/07\/fasada_6-768x923.jpg 768w, https:\/\/netclickshop.eu\/slo\/wp-content\/uploads\/2021\/07\/fasada_6-600x721.jpg 600w, https:\/\/netclickshop.eu\/slo\/wp-content\/uploads\/2021\/07\/fasada_6.jpg 1200w\" sizes=\"(max-width: 416px) 100vw, 416px\" \/><\/p>\n<h4 style=\"text-align: center;\">ODPORNA NA VREMENSKE VPLIVE<\/h4>\n<p style=\"text-align: center;\">Svetilka Outdoor je primerna za zunanjo uporabo in je odporna na vremenske vplive kot so de\u017e, sonce, vro\u010dina in mraz. Odlikuje jo dolga \u017eivljenjska doba.<\/p>\n<p><img class=\"size-medium wp-image-35603 aligncenter\" src=\"https:\/\/slo.netclickshop.eu\/wp-content\/uploads\/2021\/07\/fasada_5-400x500.jpg\" alt=\"\" width=\"400\" height=\"500\" srcset=\"https:\/\/netclickshop.eu\/slo\/wp-content\/uploads\/2021\/07\/fasada_5-400x500.jpg 400w, https:\/\/netclickshop.eu\/slo\/wp-content\/uploads\/2021\/07\/fasada_5-819x1024.jpg 819w, https:\/\/netclickshop.eu\/slo\/wp-content\/uploads\/2021\/07\/fasada_5-768x960.jpg 768w, https:\/\/netclickshop.eu\/slo\/wp-content\/uploads\/2021\/07\/fasada_5-600x750.jpg 600w, https:\/\/netclickshop.eu\/slo\/wp-content\/uploads\/2021\/07\/fasada_5.jpg 1200w\" sizes=\"(max-width: 400px) 100vw, 400px\" \/><\/p>\n<h4 style=\"text-align: center;\">V PAKETU PREJMETE KAR 2 SVETILKI!<\/h4>\n<p><img class=\"alignnone size-medium wp-image-35605 aligncenter\" src=\"https:\/\/slo.netclickshop.eu\/wp-content\/uploads\/2021\/07\/fasada_8-400x500.jpg\" alt=\"\" width=\"400\" height=\"500\" srcset=\"https:\/\/netclickshop.eu\/slo\/wp-content\/uploads\/2021\/07\/fasada_8-400x500.jpg 400w, https:\/\/netclickshop.eu\/slo\/wp-content\/uploads\/2021\/07\/fasada_8-819x1024.jpg 819w, https:\/\/netclickshop.eu\/slo\/wp-content\/uploads\/2021\/07\/fasada_8-768x960.jpg 768w, https:\/\/netclickshop.eu\/slo\/wp-content\/uploads\/2021\/07\/fasada_8-600x750.jpg 600w, https:\/\/netclickshop.eu\/slo\/wp-content\/uploads\/2021\/07\/fasada_8.jpg 1200w\" sizes=\"(max-width: 400px) 100vw, 400px\" \/><\/p>\n","protected":false},"excerpt":{"rendered":"<p>USTVARITE PRAVO AMBIENTNO SVETLOBO ZUNANJOSTI VA\u0160E HI\u0160E Zunanja stenska &#8211; fasadna svetilka moderne oblike. Idealna, \u010de \u017eelite osvetliti fasado, vrtno pot, dovozno pot ali vhod. ENOSTAVNA MONTA\u017dA IN PRIKLOP Svetilko boste povsem enostavno zmontirali, samo priklju\u010dite kabel in privija\u010dite vijak v fasado va\u0161e hi\u0161e. \u017dICE ZA PRIKLOP ELEKTRI\u010cNEGA KABLA SO PRIPRAVLJENE Namestitev in priklop bosta &hellip;<\/p>\n<p class=\"read-more\"> <a class=\"\" href=\"https:\/\/netclickshop.eu\/slo\/izdelek\/komplet-ambientnih-svetilk-outdoor-za-fasado-2-kosa\/\"> <span class=\"screen-reader-text\">Komplet ambientnih svetilk Outdoor za fasado (2 kosa)<\/span> Read More &raquo;<\/a><\/p>\n","protected":false},"featured_media":35599,"template":"","meta":[],"_links":{"self":[{"href":"https:\/\/netclickshop.eu\/slo\/wp-json\/wp\/v2\/product\/35598"}],"collection":[{"href":"https:\/\/netclickshop.eu\/slo\/wp-json\/wp\/v2\/product"}],"about":[{"href":"https:\/\/netclickshop.eu\/slo\/wp-json\/wp\/v2\/types\/product"}],"version-history":[{"count":2,"href":"https:\/\/netclickshop.eu\/slo\/wp-json\/wp\/v2\/product\/35598\/revisions"}],"predecessor-version":[{"id":35682,"href":"https:\/\/netclickshop.eu\/slo\/wp-json\/wp\/v2\/product\/35598\/revisions\/35682"}],"wp:featuredmedia":[{"embeddable":true,"href":"https:\/\/netclickshop.eu\/slo\/wp-json\/wp\/v2\/media\/35599"}],"wp:attachment":[{"href":"https:\/\/netclickshop.eu\/slo\/wp-json\/wp\/v2\/media?parent=35598"}],"curies":[{"name":"wp","href":"https:\/\/api.w.org\/{rel}","templated":true}]}}