{"id":3711,"date":"2018-05-30T12:12:24","date_gmt":"2018-05-30T12:12:24","guid":{"rendered":"http:\/\/bluelemon.si\/?post_type=product&#038;p=3711"},"modified":"2020-06-09T11:55:17","modified_gmt":"2020-06-09T11:55:17","slug":"rokavica-za-cesanje-zivali-happy-pet","status":"publish","type":"product","link":"https:\/\/netclickshop.eu\/slo\/izdelek\/rokavica-za-cesanje-zivali-happy-pet\/","title":{"rendered":"Rokavica za \u010desanje \u017eivali Happy pet"},"content":{"rendered":"<h4 style=\"text-align: center;\">ROKAVICA HAPPY PET ODSTRANI DLAKO MED BO\u017dANJEM<\/h4>\n<p style=\"text-align: center;\"><strong>Rokavica za nego hi\u0161nih ljubljen\u010dkov Happy Pet<\/strong> je primerna za nego psa, ma\u010dke, zaj\u010dka in drugih doma\u010dih \u017eivali. Muce in psi se v ve\u010dini bojijo nege, \u0161e posebej, \u010de jih \u017eelimo po\u010desati z razli\u010dnimi glavniki. Rokavica Happy Pet bo odstranila dlako va\u0161ega ljubljen\u010dka kar med bo\u017eanjem \ud83d\ude42 <\/p>\n<p><img class=\"alignnone size-full wp-image-16832 aligncenter\" src=\"https:\/\/slo.netclickshop.eu\/wp-content\/uploads\/2018\/05\/small.gif\" alt=\"\" width=\"400\" height=\"400\" \/><br \/>\n<\/br><\/p>\n<h4 style=\"text-align: center;\">Rokavico lahko uporabljate tudi pod vodo kadar umivate hi\u0161nega ljubljen\u010dka.<\/h4>\n<p style=\"text-align: center;\">\u2714\u00a0Varno in ne\u017eno o\u010disti hi\u0161nega ljubljen\u010dka<br \/>\n\u2714\u00a0180 silikonskih konic<br \/>\n\u2714\u00a0Idealna za pse, ma\u010dke, konje, zaj\u010dke &#8230;<br \/>\n\u2714\u00a0Univerzalna velikost<br \/>\n\u2714\u00a0Enostavna za uporabo in \u010di\u0161\u010denje<\/p>\n<p><img class=\"size-medium wp-image-13992 aligncenter\" src=\"https:\/\/slo.netclickshop.eu\/wp-content\/uploads\/2018\/05\/rokavica_\u017eival_2-slo-500x500.jpg\" alt=\"\" width=\"500\" height=\"500\" \/><\/p>\n<p style=\"text-align: center;\">\u010ce \u017eelite dose\u010di dobre rezultate je potrebno upo\u0161tevati, da se dlaka najlep\u0161e neguje, \u010de jo \u010de\u0161ete v smeri rasti dlak. Happy Pet rokavica je enostavna za uporabo in \u010di\u0161\u010denje. O\u010distite jo lahko z milom ali blagim detergentom, jo dobro sperete z vodo in posu\u0161ite na sobni temperaturi.<\/p>\n<p><img class=\"alignnone size-full wp-image-16829 aligncenter\" src=\"https:\/\/slo.netclickshop.eu\/wp-content\/uploads\/2018\/05\/rokavica_pes_gif_2.gif\" alt=\"\" width=\"400\" height=\"400\" \/><br \/>\n<img class=\"alignnone size-medium wp-image-16833 aligncenter\" src=\"https:\/\/slo.netclickshop.eu\/wp-content\/uploads\/2018\/05\/rokavica_pes_1-500x381.jpg\" alt=\"\" width=\"500\" height=\"381\" srcset=\"https:\/\/netclickshop.eu\/slo\/wp-content\/uploads\/2018\/05\/rokavica_pes_1-500x381.jpg 500w, https:\/\/netclickshop.eu\/slo\/wp-content\/uploads\/2018\/05\/rokavica_pes_1-600x458.jpg 600w, https:\/\/netclickshop.eu\/slo\/wp-content\/uploads\/2018\/05\/rokavica_pes_1.jpg 632w\" sizes=\"(max-width: 500px) 100vw, 500px\" \/><\/p>\n<p style=\"text-align: center;\"><strong>Rokavico po uporabi in \u010di\u0161\u010denju zmeraj pospravite na varno mesto, da vam le te ne pre\u017eve\u010di hi\u0161ni ljubljen\u010dek \ud83d\ude42<\/strong><\/p>\n<p><\/br><\/p>\n<p style=\"text-align: center;\"><strong>Material<\/strong>: Silikon in kvalitetni poliester<\/p>\n<p style=\"text-align: center;\"><strong>Velikost<\/strong>: Univerzalna<\/p>\n<p><\/br><\/p>\n<h4 style=\"text-align: center;\">\ud83d\udc4d VE\u010c KOT 9000 ZADOVOLJNIH UPORABNIKOV \ud83d\udc4d<\/h4>\n<p><img class=\"alignnone size-medium wp-image-16835 aligncenter\" src=\"https:\/\/slo.netclickshop.eu\/wp-content\/uploads\/2018\/05\/rokavica_pes_2-500x498.jpg\" alt=\"\" width=\"500\" height=\"498\" srcset=\"https:\/\/netclickshop.eu\/slo\/wp-content\/uploads\/2018\/05\/rokavica_pes_2-500x498.jpg 500w, https:\/\/netclickshop.eu\/slo\/wp-content\/uploads\/2018\/05\/rokavica_pes_2-300x300.jpg 300w, https:\/\/netclickshop.eu\/slo\/wp-content\/uploads\/2018\/05\/rokavica_pes_2-100x100.jpg 100w, https:\/\/netclickshop.eu\/slo\/wp-content\/uploads\/2018\/05\/rokavica_pes_2-600x597.jpg 600w, https:\/\/netclickshop.eu\/slo\/wp-content\/uploads\/2018\/05\/rokavica_pes_2-150x150.jpg 150w, https:\/\/netclickshop.eu\/slo\/wp-content\/uploads\/2018\/05\/rokavica_pes_2.jpg 630w\" sizes=\"(max-width: 500px) 100vw, 500px\" \/><br \/>\n<\/br><\/p>\n<h4 style=\"text-align: center;\">\ud83d\udc9a 100% VARNI NAKUP \ud83d\udc9a<\/h4>\n<h4 style=\"text-align: center;\">ZELO SMO VESELI VA\u0160IH SLIK \ud83d\ude42<\/h4>\n<p><img class=\"alignnone size-medium wp-image-16835 aligncenter\" src=\"https:\/\/slo.netclickshop.eu\/wp-content\/uploads\/2018\/05\/glove-SLO-500x1900.jpg\" alt=\"\" width=\"500\" height=\"1900\" \/><\/p>\n","protected":false},"excerpt":{"rendered":"<p>ROKAVICA HAPPY PET ODSTRANI DLAKO MED BO\u017dANJEM Rokavica za nego hi\u0161nih ljubljen\u010dkov Happy Pet je primerna za nego psa, ma\u010dke, zaj\u010dka in drugih doma\u010dih \u017eivali. Muce in psi se v ve\u010dini bojijo nege, \u0161e posebej, \u010de jih \u017eelimo po\u010desati z razli\u010dnimi glavniki. Rokavica Happy Pet bo odstranila dlako va\u0161ega ljubljen\u010dka kar med bo\u017eanjem \ud83d\ude42 Rokavico &hellip;<\/p>\n<p class=\"read-more\"> <a class=\"\" href=\"https:\/\/netclickshop.eu\/slo\/izdelek\/rokavica-za-cesanje-zivali-happy-pet\/\"> <span class=\"screen-reader-text\">Rokavica za \u010desanje \u017eivali Happy pet<\/span> Read More &raquo;<\/a><\/p>\n","protected":false},"featured_media":14047,"template":"","meta":[],"_links":{"self":[{"href":"https:\/\/netclickshop.eu\/slo\/wp-json\/wp\/v2\/product\/3711"}],"collection":[{"href":"https:\/\/netclickshop.eu\/slo\/wp-json\/wp\/v2\/product"}],"about":[{"href":"https:\/\/netclickshop.eu\/slo\/wp-json\/wp\/v2\/types\/product"}],"version-history":[{"count":0,"href":"https:\/\/netclickshop.eu\/slo\/wp-json\/wp\/v2\/product\/3711\/revisions"}],"wp:featuredmedia":[{"embeddable":true,"href":"https:\/\/netclickshop.eu\/slo\/wp-json\/wp\/v2\/media\/14047"}],"wp:attachment":[{"href":"https:\/\/netclickshop.eu\/slo\/wp-json\/wp\/v2\/media?parent=3711"}],"curies":[{"name":"wp","href":"https:\/\/api.w.org\/{rel}","templated":true}]}}